{"id":107,"date":"2021-08-12T09:15:08","date_gmt":"2021-08-12T07:15:08","guid":{"rendered":"https:\/\/crater.cat\/?page_id=107"},"modified":"2025-10-09T21:52:45","modified_gmt":"2025-10-09T19:52:45","slug":"qui-som","status":"publish","type":"page","link":"https:\/\/crater.cat\/index.php\/qui-som\/","title":{"rendered":"El cr\u00e0ter"},"content":{"rendered":"\n<blockquote class=\"wp-block-quote is-layout-flow wp-block-quote-is-layout-flow\">\n<p>Edicions del Cr\u00e0ter \u00e9s un projecte independent que neix per publicar llibres en catal\u00e0, ja siguin traduccions com autors del pa\u00eds, d\u2019autors que han deixat una empremta en la hist\u00f2ria de les lletres i que segueixen dialogant amb el nostre present. La voluntat \u00e9s fer-ho amb un catal\u00e0 contemporani que apropi aquests grans mestres al lector d\u2019avui en dia, mirant d\u2019oferir els llibres tant en format tradicional com en la seva forma electr\u00f2nica en ebook i audiobook, i fer-ho amb una imatge actual i creativa que sigui estimulant pel lector. Els editors som l&#8217;Oriol R\u00e0fols i la Mariona Bosch.<\/p>\n\n\n\n<div style=\"height:100px\" aria-hidden=\"true\" class=\"wp-block-spacer\"><\/div>\n\n\n<div class=\"wp-block-image\">\n<figure class=\"aligncenter size-large is-resized\"><img data-recalc-dims=\"1\" loading=\"lazy\" decoding=\"async\" width=\"1024\" height=\"785\" data-attachment-id=\"293\" data-permalink=\"https:\/\/crater.cat\/index.php\/qui-som\/crater-logo-v2l-c-aaff-5\/\" data-orig-file=\"https:\/\/i0.wp.com\/crater.cat\/wp-content\/uploads\/2021\/09\/Crater-logo-V2L-C-AAFF-5.jpg?fit=1199%2C919&amp;ssl=1\" data-orig-size=\"1199,919\" data-comments-opened=\"1\" data-image-meta=\"{&quot;aperture&quot;:&quot;0&quot;,&quot;credit&quot;:&quot;&quot;,&quot;camera&quot;:&quot;&quot;,&quot;caption&quot;:&quot;&quot;,&quot;created_timestamp&quot;:&quot;0&quot;,&quot;copyright&quot;:&quot;&quot;,&quot;focal_length&quot;:&quot;0&quot;,&quot;iso&quot;:&quot;0&quot;,&quot;shutter_speed&quot;:&quot;0&quot;,&quot;title&quot;:&quot;&quot;,&quot;orientation&quot;:&quot;0&quot;}\" data-image-title=\"Crater-logo-V2L-C-AAFF-5\" data-image-description=\"\" data-image-caption=\"\" data-large-file=\"https:\/\/i0.wp.com\/crater.cat\/wp-content\/uploads\/2021\/09\/Crater-logo-V2L-C-AAFF-5.jpg?fit=1024%2C785&amp;ssl=1\" src=\"https:\/\/i0.wp.com\/crater.cat\/wp-content\/uploads\/2021\/09\/Crater-logo-V2L-C-AAFF-5.jpg?resize=1024%2C785&#038;ssl=1\" alt=\"\" class=\"wp-image-293\" style=\"width:340px;height:auto\" srcset=\"https:\/\/i0.wp.com\/crater.cat\/wp-content\/uploads\/2021\/09\/Crater-logo-V2L-C-AAFF-5.jpg?resize=1024%2C785&amp;ssl=1 1024w, https:\/\/i0.wp.com\/crater.cat\/wp-content\/uploads\/2021\/09\/Crater-logo-V2L-C-AAFF-5.jpg?resize=300%2C230&amp;ssl=1 300w, https:\/\/i0.wp.com\/crater.cat\/wp-content\/uploads\/2021\/09\/Crater-logo-V2L-C-AAFF-5.jpg?resize=768%2C589&amp;ssl=1 768w, https:\/\/i0.wp.com\/crater.cat\/wp-content\/uploads\/2021\/09\/Crater-logo-V2L-C-AAFF-5.jpg?resize=600%2C460&amp;ssl=1 600w, https:\/\/i0.wp.com\/crater.cat\/wp-content\/uploads\/2021\/09\/Crater-logo-V2L-C-AAFF-5.jpg?w=1199&amp;ssl=1 1199w\" sizes=\"auto, (max-width: 1024px) 100vw, 1024px\" \/><\/figure>\n<\/div><\/blockquote>\n\n\n\n<div class=\"wp-block-columns is-layout-flex wp-container-core-columns-is-layout-9d6595d7 wp-block-columns-is-layout-flex\">\n<div class=\"wp-block-column is-layout-flow wp-block-column-is-layout-flow\" style=\"flex-basis:100%\">\n<pre class=\"wp-block-verse\">&nbsp;<\/pre>\n\n\n\n<h2 class=\"wp-block-heading\">Recull de premsa<\/h2>\n\n\n\n<p>Diari ARA: <a href=\"https:\/\/llegim.ara.cat\/actualitat\/dues-noves-editorials-aposten-pels-classics-gestades-durant-confinament-crater-cal-carre_1_4132501.html\" target=\"_blank\" rel=\"noopener\">El confinament fa n\u00e9ixer dues noves editorials de cl\u00e0ssics en catal\u00e0<\/a><\/p>\n<p>Diari ARA: <a href=\"https:\/\/llegim.ara.cat\/reportatges\/muntanya-russa-anomenada-dostoievski_130_4177500.html\" target=\"_blank\" rel=\"noopener\">Una muntanya russa anomenada Dostoievski<\/a><\/p>\n\n\n\n<div style=\"height:100px\" aria-hidden=\"true\" class=\"wp-block-spacer\"><\/div>\n\n\n\n<h2 class=\"wp-block-heading\">Per qu\u00e8 Cr\u00e0ter?<\/h2>\n\n\n\n<p class=\"has-normal-font-size\">Un cr\u00e0ter \u00e9s una incisi\u00f3 a l\u2019escor\u00e7a, un trau, una cicatriu, el resultat d\u2019una explosi\u00f3. Sovint \u00e9s una deflagraci\u00f3 d\u2019energia continguda, el desencadenament d\u2019un poder interior, una f\u00faria engabiada que vol sortir i forada la superf\u00edcie que el segella, omplint el cel de foc i llan\u00e7ant sobre el pa\u00eds roques enceses. Per\u00f2 un cr\u00e0ter tamb\u00e9 pot ser causat per una mat\u00e8ria que ve de lluny, que procedeix d\u2019indrets desconeguts i meravellosos, portadora de noves veritats i de velles profecies, que ens arriba d\u2019altres mons i travessa incandescent l\u2019atmosfera fins que esclata en un fenomenal terrabastall contra el planeta.&nbsp;<\/p>\n\n\n\n<p class=\"has-normal-font-size\">&nbsp;<\/p>\n\n\n\n<p class=\"has-normal-font-size\">Surti de dins o vingui des de fora, el cr\u00e0ter \u00e9s la ferida que aquest impacte ens deixa, un estrip, un cop de puny, una marca eterna sobre la terra, un esquelet circular posat ara i per sempre enmig dels nostres dies, un testimoni, una rel\u00edquia i una advert\u00e8ncia que ens amena\u00e7a i interpel\u00b7la, un impuls que ha quedat fixat en el nostre m\u00f3n i la nostra hist\u00f2ria i que podem observar, podem llegir i entendre\u2019n les causes i conseq\u00fc\u00e8ncies, i que per aix\u00f2 \u00e9s un far, un guia o un ull que tot ho observa.<\/p>\n\n\n\n<p class=\"has-normal-font-size\">&nbsp;<\/p>\n\n\n\n<p class=\"has-normal-font-size\">La voluntat d\u2019<a title=\"Portada\" href=\"https:\/\/edicionscrater.live-website.com\/\">Edicions del Cr\u00e0ter<\/a> \u00e9s publicar autors que han deixat marca, que han trasbalsat l\u2019opini\u00f3 p\u00fablica, que han impr\u00e8s el seu nom per sempre a la hist\u00f2ria de la literatura. Autors amb una gran for\u00e7a interior, amb capacitat de canviar la nostra visi\u00f3 del m\u00f3n, autors que sovint vindran d\u2019altres pa\u00efsos i ens ensenyaran maneres d\u2019enfrontar-se a la realitat diferent a la nostra, que ens faran viatjar i veure altres tipus de paisatge, i que per aix\u00f2 ens faran cr\u00e9ixer, ens faran volar i imaginar-nos altres mons, ens estimularan i ens faran plorar, i en fer-ho ens entretindran i ens evadiran de les vicissituds quotidianes, alhora que ens faran m\u00e9s savis per poder-hi tornar m\u00e9s forts, m\u00e9s profunds, m\u00e9s preparats.<\/p>\n<\/div>\n<\/div>\n\n\n\n<p>&nbsp;<\/p>\n\n\n\n<p><\/p>\n\n\n\n<p>Consulta la nostra <strong><a href=\"https:\/\/crater.cat\/index.php\/declaracio-ecologica\/\" target=\"_blank\" rel=\"noopener\" title=\"declaraci\u00f3 ecol\u00f2gica\">declaraci\u00f3 ecol\u00f2gica<\/a><\/strong>.<\/p>\n\n\n\n<p><\/p>\n","protected":false},"excerpt":{"rendered":"<p>&nbsp; Recull de premsa Diari ARA: El confinament fa n\u00e9ixer dues noves editorials de cl\u00e0ssics en catal\u00e0 Diari ARA: Una muntanya russa anomenada Dostoievski Per qu\u00e8 Cr\u00e0ter? Un cr\u00e0ter \u00e9s una incisi\u00f3 a l\u2019escor\u00e7a, un trau, una cicatriu, el resultat [&hellip;]<\/p>\n","protected":false},"author":1,"featured_media":0,"parent":0,"menu_order":0,"comment_status":"closed","ping_status":"closed","template":"","meta":{"cybocfi_hide_featured_image":"","footnotes":""},"class_list":["post-107","page","type-page","status-publish","hentry"],"aioseo_notices":[],"jetpack_sharing_enabled":true,"jetpack-related-posts":[{"id":110,"url":"https:\/\/crater.cat\/index.php\/contacte\/","url_meta":{"origin":107,"position":0},"title":"Contacte","author":"Edicions del Cr\u00e0ter","date":"12\/08\/2021","format":false,"excerpt":"Per qualsevol tema relacionat amb la tasca editorial, propostes, informaci\u00f3 sobre la distribuci\u00f3, etc., podeu fer servir el formulari de sota o les adreces de continuaci\u00f3. Contacte Edicions del Cr\u00e0ter, SCP info@crater.cat twitter: @crateredicions instagram: @edicionsdelcrater Distribuci\u00f3 UDL Libros https:\/\/www.udllibros.com info@udllibros.com 932 26 27 64 Originals Edicions del Cr\u00e0ter es\u2026","rel":"","context":"Entrada similar","block_context":{"text":"Entrada similar","link":""},"img":{"alt_text":"","src":"","width":0,"height":0},"classes":[]},{"id":1667,"url":"https:\/\/crater.cat\/index.php\/logo\/","url_meta":{"origin":107,"position":1},"title":"Logotip d&#8217;Edicions del Cr\u00e0ter","author":"Edicions del Cr\u00e0ter","date":"22\/05\/2023","format":false,"excerpt":"Aqu\u00ed podeu descarregar-vos el logotip d'Edicions del Cr\u00e0ter per fer els vostres cartells. Us l'oferim en dues versions, cadascuna en jpg i png: Logotip Edicions del Cr\u00e0ter - Horitzontal dues l\u00ednies Baixa Logotip Edicions del Cr\u00e0ter - Vertical centrat Baixa Si el necessiteu en un format diferent, si us plau,\u2026","rel":"","context":"Entrada similar","block_context":{"text":"Entrada similar","link":""},"img":{"alt_text":"","src":"","width":0,"height":0},"classes":[]},{"id":40,"url":"https:\/\/crater.cat\/index.php\/renart\/","url_meta":{"origin":107,"position":2},"title":"Renart","author":"Edicions del Cr\u00e0ter","date":"07\/04\/2021","format":false,"excerpt":"El relat, el conte o la novel\u00b7la curta ha estat sempre terreny de la concisi\u00f3 i l\u2019ast\u00facia. Anomenada renart en els llibres de Ramon Llull, la guineu, rabosa o guilla \u00e9s la personificaci\u00f3 faul\u00edstica d\u2019aquest arquetip, la que sap treure profit de les batalles entre els animals m\u00e9s grans, la\u2026","rel":"","context":"Entrada similar","block_context":{"text":"Entrada similar","link":""},"img":{"alt_text":"","src":"","width":0,"height":0},"classes":[]},{"id":3,"url":"https:\/\/crater.cat\/index.php\/privacy-policy\/","url_meta":{"origin":107,"position":3},"title":"Pol\u00edtica de privadesa","author":"Edicions del Cr\u00e0ter","date":"07\/04\/2021","format":false,"excerpt":"De conformitat amb el Reglament Europeu 2016\/679 (RGPD) del Parlament Europeu i del Consell de 27 d'abril de 2016 relatiu a la protecci\u00f3 de les persones f\u00edsiques pel que fa al tractament de dades personals i a la lliure circulaci\u00f3 d'aquestes dades, i la LLei 3\/2018 (LOPD-GDD) de Protecci\u00f3 de\u2026","rel":"","context":"Entrada similar","block_context":{"text":"Entrada similar","link":""},"img":{"alt_text":"","src":"","width":0,"height":0},"classes":[]},{"id":2006,"url":"https:\/\/crater.cat\/index.php\/cataleg\/","url_meta":{"origin":107,"position":4},"title":"Cat\u00e0leg","author":"Edicions del Cr\u00e0ter","date":"13\/03\/2024","format":false,"excerpt":"Aqu\u00ed podeu descarregar-vos el cat\u00e0leg d'Edicions del Cr\u00e0ter. Descarrega el fitxer Els nostres llibres: Algunes entrades al blog:","rel":"","context":"Entrada similar","block_context":{"text":"Entrada similar","link":""},"img":{"alt_text":"","src":"https:\/\/i0.wp.com\/crater.cat\/wp-content\/uploads\/2021\/08\/Crater-logo-V2L-C-AAFF-3.jpg?fit=596%2C484&ssl=1&resize=350%2C200","width":350,"height":200,"srcset":"https:\/\/i0.wp.com\/crater.cat\/wp-content\/uploads\/2021\/08\/Crater-logo-V2L-C-AAFF-3.jpg?fit=596%2C484&ssl=1&resize=350%2C200 1x, https:\/\/i0.wp.com\/crater.cat\/wp-content\/uploads\/2021\/08\/Crater-logo-V2L-C-AAFF-3.jpg?fit=596%2C484&ssl=1&resize=525%2C300 1.5x"},"classes":[]},{"id":37,"url":"https:\/\/crater.cat\/","url_meta":{"origin":107,"position":5},"title":"Portada","author":"Edicions del Cr\u00e0ter","date":"07\/04\/2021","format":false,"excerpt":"\u00a0 Els llibres d'Edicions del Cr\u00e0ter \u00a0 \u00a0 \u00a0 \u00a0 \u00a0 [\/vc_column_text][\/vc_column][\/vc_row][vc_row][vc_column][\/vc_column][\/vc_row][vc_row][vc_column][vc_column_text] \u00a0 \u00a0 \u00daltimes entrades al blog [\/vc_column_text][\/vc_column][\/vc_row]","rel":"","context":"Entrada similar","block_context":{"text":"Entrada similar","link":""},"img":{"alt_text":"","src":"","width":0,"height":0},"classes":[]}],"jetpack_shortlink":"https:\/\/wp.me\/PcY4IF-1J","_links":{"self":[{"href":"https:\/\/crater.cat\/index.php\/wp-json\/wp\/v2\/pages\/107","targetHints":{"allow":["GET"]}}],"collection":[{"href":"https:\/\/crater.cat\/index.php\/wp-json\/wp\/v2\/pages"}],"about":[{"href":"https:\/\/crater.cat\/index.php\/wp-json\/wp\/v2\/types\/page"}],"author":[{"embeddable":true,"href":"https:\/\/crater.cat\/index.php\/wp-json\/wp\/v2\/users\/1"}],"replies":[{"embeddable":true,"href":"https:\/\/crater.cat\/index.php\/wp-json\/wp\/v2\/comments?post=107"}],"version-history":[{"count":23,"href":"https:\/\/crater.cat\/index.php\/wp-json\/wp\/v2\/pages\/107\/revisions"}],"predecessor-version":[{"id":3463,"href":"https:\/\/crater.cat\/index.php\/wp-json\/wp\/v2\/pages\/107\/revisions\/3463"}],"wp:attachment":[{"href":"https:\/\/crater.cat\/index.php\/wp-json\/wp\/v2\/media?parent=107"}],"curies":[{"name":"wp","href":"https:\/\/api.w.org\/{rel}","templated":true}]}}

El cràter

<blockquote class="wp-block-quote is-layout-flow wp-block-quote-is-layout-flow">
<p>Edicions del Cràter és un projecte independent que neix per publicar llibres en català, ja siguin traduccions com autors del país, d’autors que han deixat una empremta en la història de les lletres i que segueixen dialogant amb el nostre present. La voluntat és fer-ho amb un català contemporani que apropi aquests grans mestres al lector d’avui en dia, mirant d’oferir els llibres tant en format tradicional com en la seva forma electrònica en ebook i audiobook, i fer-ho amb una imatge actual i creativa que sigui estimulant pel lector. Els editors som l&#8217;Oriol Ràfols i la Mariona Bosch.</p>



<div style="height:100px" aria-hidden="true" class="wp-block-spacer"></div>


<div class="wp-block-image">
<figure class="aligncenter size-large is-resized"><img data-recalc-dims="1" loading="lazy" decoding="async" width="1024" height="785" data-attachment-id="293" data-permalink="https://crater.cat/index.php/qui-som/crater-logo-v2l-c-aaff-5/" data-orig-file="https://i0.wp.com/crater.cat/wp-content/uploads/2021/09/Crater-logo-V2L-C-AAFF-5.jpg?fit=1199%2C919&amp;ssl=1" data-orig-size="1199,919" data-comments-opened="1" data-image-meta="{&quot;aperture&quot;:&quot;0&quot;,&quot;credit&quot;:&quot;&quot;,&quot;camera&quot;:&quot;&quot;,&quot;caption&quot;:&quot;&quot;,&quot;created_timestamp&quot;:&quot;0&quot;,&quot;copyright&quot;:&quot;&quot;,&quot;focal_length&quot;:&quot;0&quot;,&quot;iso&quot;:&quot;0&quot;,&quot;shutter_speed&quot;:&quot;0&quot;,&quot;title&quot;:&quot;&quot;,&quot;orientation&quot;:&quot;0&quot;}" data-image-title="Crater-logo-V2L-C-AAFF-5" data-image-description="" data-image-caption="" data-large-file="https://i0.wp.com/crater.cat/wp-content/uploads/2021/09/Crater-logo-V2L-C-AAFF-5.jpg?fit=1024%2C785&amp;ssl=1" src="https://i0.wp.com/crater.cat/wp-content/uploads/2021/09/Crater-logo-V2L-C-AAFF-5.jpg?resize=1024%2C785&#038;ssl=1" alt="" class="wp-image-293" style="width:340px;height:auto" srcset="https://i0.wp.com/crater.cat/wp-content/uploads/2021/09/Crater-logo-V2L-C-AAFF-5.jpg?resize=1024%2C785&amp;ssl=1 1024w, https://i0.wp.com/crater.cat/wp-content/uploads/2021/09/Crater-logo-V2L-C-AAFF-5.jpg?resize=300%2C230&amp;ssl=1 300w, https://i0.wp.com/crater.cat/wp-content/uploads/2021/09/Crater-logo-V2L-C-AAFF-5.jpg?resize=768%2C589&amp;ssl=1 768w, https://i0.wp.com/crater.cat/wp-content/uploads/2021/09/Crater-logo-V2L-C-AAFF-5.jpg?resize=600%2C460&amp;ssl=1 600w, https://i0.wp.com/crater.cat/wp-content/uploads/2021/09/Crater-logo-V2L-C-AAFF-5.jpg?w=1199&amp;ssl=1 1199w" sizes="auto, (max-width: 1024px) 100vw, 1024px" /></figure>
</div></blockquote>



<div class="wp-block-columns is-layout-flex wp-container-core-columns-is-layout-9d6595d7 wp-block-columns-is-layout-flex">
<div class="wp-block-column is-layout-flow wp-block-column-is-layout-flow" style="flex-basis:100%">
<pre class="wp-block-verse">&nbsp;</pre>



<h2 class="wp-block-heading">Recull de premsa</h2>



<p>Diari ARA: <a href="https://llegim.ara.cat/actualitat/dues-noves-editorials-aposten-pels-classics-gestades-durant-confinament-crater-cal-carre_1_4132501.html" target="_blank" rel="noopener">El confinament fa néixer dues noves editorials de clàssics en català</a></p>
<p>Diari ARA: <a href="https://llegim.ara.cat/reportatges/muntanya-russa-anomenada-dostoievski_130_4177500.html" target="_blank" rel="noopener">Una muntanya russa anomenada Dostoievski</a></p>



<div style="height:100px" aria-hidden="true" class="wp-block-spacer"></div>



<h2 class="wp-block-heading">Per què Cràter?</h2>



<p class="has-normal-font-size">Un cràter és una incisió a l’escorça, un trau, una cicatriu, el resultat d’una explosió. Sovint és una deflagració d’energia continguda, el desencadenament d’un poder interior, una fúria engabiada que vol sortir i forada la superfície que el segella, omplint el cel de foc i llançant sobre el país roques enceses. Però un cràter també pot ser causat per una matèria que ve de lluny, que procedeix d’indrets desconeguts i meravellosos, portadora de noves veritats i de velles profecies, que ens arriba d’altres mons i travessa incandescent l’atmosfera fins que esclata en un fenomenal terrabastall contra el planeta.&nbsp;</p>



<p class="has-normal-font-size">&nbsp;</p>



<p class="has-normal-font-size">Surti de dins o vingui des de fora, el cràter és la ferida que aquest impacte ens deixa, un estrip, un cop de puny, una marca eterna sobre la terra, un esquelet circular posat ara i per sempre enmig dels nostres dies, un testimoni, una relíquia i una advertència que ens amenaça i interpel·la, un impuls que ha quedat fixat en el nostre món i la nostra història i que podem observar, podem llegir i entendre’n les causes i conseqüències, i que per això és un far, un guia o un ull que tot ho observa.</p>



<p class="has-normal-font-size">&nbsp;</p>



<p class="has-normal-font-size">La voluntat d’<a title="Portada" href="https://edicionscrater.live-website.com/">Edicions del Cràter</a> és publicar autors que han deixat marca, que han trasbalsat l’opinió pública, que han imprès el seu nom per sempre a la història de la literatura. Autors amb una gran força interior, amb capacitat de canviar la nostra visió del món, autors que sovint vindran d’altres països i ens ensenyaran maneres d’enfrontar-se a la realitat diferent a la nostra, que ens faran viatjar i veure altres tipus de paisatge, i que per això ens faran créixer, ens faran volar i imaginar-nos altres mons, ens estimularan i ens faran plorar, i en fer-ho ens entretindran i ens evadiran de les vicissituds quotidianes, alhora que ens faran més savis per poder-hi tornar més forts, més profunds, més preparats.</p>
</div>
</div>



<p>&nbsp;</p>



<p></p>



<p>Consulta la nostra <strong><a href="https://crater.cat/index.php/declaracio-ecologica/" target="_blank" rel="noopener" title="declaració ecològica">declaració ecològica</a></strong>.</p>



<p></p>

<p>&nbsp; Recull de premsa Diari ARA: El confinament fa néixer dues noves editorials de clàssics en català Diari ARA: Una muntanya russa anomenada Dostoievski Per què Cràter? Un cràter és una incisió a l’escorça, un trau, una cicatriu, el resultat [&hellip;]</p>

Edicions del Cràter

Per qualsevol tema relacionat amb la tasca editorial, propostes, informació sobre la distribució, etc., podeu fer servir el formulari de sota o les adreces de continuació. Contacte Edicions del Cràter, SCP info@crater.cat twitter: @crateredicions instagram: @edicionsdelcrater Distribució UDL Libros https://www.udllibros.com info@udllibros.com 932 26 27 64 Originals Edicions del Cràter es…

Logotip d&#8217;Edicions del Cràter

Aquí podeu descarregar-vos el logotip d'Edicions del Cràter per fer els vostres cartells. Us l'oferim en dues versions, cadascuna en jpg i png: Logotip Edicions del Cràter - Horitzontal dues línies Baixa Logotip Edicions del Cràter - Vertical centrat Baixa Si el necessiteu en un format diferent, si us plau,…

El relat, el conte o la novel·la curta ha estat sempre terreny de la concisió i l’astúcia. Anomenada renart en els llibres de Ramon Llull, la guineu, rabosa o guilla és la personificació faulística d’aquest arquetip, la que sap treure profit de les batalles entre els animals més grans, la…

Política de privadesa

De conformitat amb el Reglament Europeu 2016/679 (RGPD) del Parlament Europeu i del Consell de 27 d'abril de 2016 relatiu a la protecció de les persones físiques pel que fa al tractament de dades personals i a la lliure circulació d'aquestes dades, i la LLei 3/2018 (LOPD-GDD) de Protecció de…

Catàleg

Aquí podeu descarregar-vos el catàleg d'Edicions del Cràter. Descarrega el fitxer Els nostres llibres: Algunes entrades al blog:

Els llibres d'Edicions del Cràter           [/vc_column_text][/vc_column][/vc_row][vc_row][vc_column][/vc_column][/vc_row][vc_row][vc_column][vc_column_text]     Últimes entrades al blog [/vc_column_text][/vc_column][/vc_row]
