{"id":1116,"date":"2022-09-13T11:53:16","date_gmt":"2022-09-13T09:53:16","guid":{"rendered":"https:\/\/crater.cat\/?post_type=product&#038;p=1116"},"modified":"2024-03-15T14:48:34","modified_gmt":"2024-03-15T13:48:34","slug":"en-el-nostre-temps","status":"publish","type":"product","link":"https:\/\/crater.cat\/index.php\/producte\/en-el-nostre-temps\/","title":{"rendered":"En el nostre temps"},"content":{"rendered":"<p style=\"text-align: left;\">Autor: Ernest Hemingway<\/p>\n<p style=\"text-align: left;\">Traducci\u00f3: Jordi Arbon\u00e8s<\/p>\n<p style=\"text-align: left;\">Col\u00b7lecci\u00f3 Renart<\/p>\n<p style=\"text-align: left;\">Mides: 120 x 194<\/p>\n<p style=\"text-align: left;\">N\u00ba de p\u00e0gines: 216<\/p>\n<p style=\"text-align: left;\">ISBN: 978-84-124503-4-7<\/p>\n<p style=\"text-align: left;\">1a edici\u00f3: setembre de 2022<\/p>\n<div class=\"mkdf-separator-holder clearfix  mkdf-separator-center mkdf-separator-normal\">\n\t<div class=\"mkdf-separator\" >\n\t\t\t<\/div>\n<\/div>\n\n<h3 style=\"text-align: left;\">Enlla\u00e7os<\/h3>\n<p>El conte <strong><a title=\"Campament indi - En el nostre temps\" href=\"https:\/\/stroligut.com\/ernest-hemingway\/campament-indi\/\" target=\"_blank\" rel=\"noopener\">\u00abCampament indi\u00bb a la revista Stroligut<\/a><\/strong>.<\/p>\n<p><a href=\"https:\/\/www.patreon.com\/posts\/hemingway-el-rf-74677473?utm_medium=clipboard_copy&amp;utm_source=copyLink&amp;utm_campaign=postshare_fan&amp;utm_content=join_link\"><strong>Marina Porras i Enric Vila parlen d&#8217;\u00abEn el nostre temps\u00bb a Casablanca<\/strong><\/a>.<\/p>\n<p><strong><a title=\"De com Hemingway va adquirir \u00abLa masia\u00bb de Joan Mir\u00f3\" href=\"https:\/\/edicionscrater.live-website.com\/index.php\/2022\/09\/30\/de-com-hemingway-va-adquirir-la-masia-de-joan-miro\/\" target=\"_blank\" rel=\"noopener\">De com Hemingway va adquirir \u00abLa masia\u00bb de Joan Mir\u00f3<\/a><\/strong> al nostre blog.<\/p>\n<p>Article de <a href=\"https:\/\/www.nuvol.com\/llibres\/hemingway-reviu-en-el-nostre-temps-307734\" target=\"_blank\" rel=\"noopener\"><strong>Joan Sim\u00f3 a la revista N\u00favol sobre \u00abEn el nostre temps\u00bb de Hemingway<\/strong><\/a>.<\/p>\n<p>&nbsp;<\/p>\n","protected":false},"excerpt":{"rendered":"<p>En el nostre temps \u00e9s el primer recull de narracions breus d\u2019Ernest Hemingway i tota una revoluci\u00f3 en el relat en llengua anglesa. Centrat en l\u2019acci\u00f3, preocupat per aconseguir frases s\u00f2lides i honestes, \u00e9s el primer gran experiment de Hemingway amb la seva teoria de l\u2019iceberg, segons la qual nom\u00e9s cal contar all\u00f2 que flota en la superf\u00edcie per tal que el lector imagini tot el que s\u2019amaga al fons. Sovint protagonitzats pel seu alter ego, Nick Adams, els relats s\u2019ambienten en la seva infantesa als llacs de Michigan i en l\u2019\u00e8poca que va conduir ambul\u00e0ncies a It\u00e0lia, durant la Primera Guerra Mundial, i va con\u00e8ixer Europa. Escrit abans dels vint-i-cinc anys, En el nostre temps va consagrar Hemingway i va meravellar autors com Scott Fitzgerald, donant el tret de sortida a una carrera de lletres i acci\u00f3 entorn la qual s\u2019ha creat un dels grans mites literaris del segle XX.<\/p>\n<p>&nbsp;<\/p>\n<hr \/>\n<p>&nbsp;<\/p>\n<p><strong><em>Enviament gratu\u00eft. Rebreu el producte en un termini d&#8217;entre 2 dies i una setmana.<\/em><\/strong><\/p>\n","protected":false},"author":1,"featured_media":2054,"template":"","meta":{"cybocfi_hide_featured_image":"","jetpack_publicize_message":"","jetpack_publicize_feature_enabled":true,"jetpack_social_post_already_shared":false,"jetpack_social_options":{"image_generator_settings":{"template":"highway","default_image_id":0,"font":"","enabled":false},"version":2}},"product_brand":[],"product_cat":[17],"product_tag":[],"ppma_author":[63],"class_list":{"0":"post-1116","1":"product","2":"type-product","3":"status-publish","4":"has-post-thumbnail","6":"product_cat-renart","8":"first","9":"instock","10":"shipping-taxable","11":"purchasable","12":"product-type-simple"},"aioseo_notices":[],"jetpack_publicize_connections":[],"jetpack_sharing_enabled":true,"jetpack-related-posts":[{"id":5499,"url":"https:\/\/crater.cat\/index.php\/producte\/cartes-1867-1881\/","url_meta":{"origin":1116,"position":0},"title":"Cartes (1867-1881)","author":"Edicions del Cr\u00e0ter","date":"17\/04\/2026","format":false,"excerpt":"Aquest volum mostra un epistolari m\u00e9s dens i reflexiu, on la quotidianitat conviu amb la gestaci\u00f3 de grans projectes literaris, els debats ideol\u00f2gics, les relacions amb figures rellevants del m\u00f3n cultural i els primers signes de conflicte interior. La correspond\u00e8ncia revela un subjecte escindit entre l\u2019obedi\u00e8ncia i la llibertat, entre\u2026","rel":"","context":"Entrada similar","block_context":{"text":"Entrada similar","link":""},"img":{"alt_text":"","src":"https:\/\/i0.wp.com\/crater.cat\/wp-content\/uploads\/2026\/04\/9-CARTES2_COBERTA_AAFF-scaled.jpg?fit=754%2C1200&ssl=1&resize=350%2C200","width":350,"height":200,"srcset":"https:\/\/i0.wp.com\/crater.cat\/wp-content\/uploads\/2026\/04\/9-CARTES2_COBERTA_AAFF-scaled.jpg?fit=754%2C1200&ssl=1&resize=350%2C200 1x, https:\/\/i0.wp.com\/crater.cat\/wp-content\/uploads\/2026\/04\/9-CARTES2_COBERTA_AAFF-scaled.jpg?fit=754%2C1200&ssl=1&resize=525%2C300 1.5x, https:\/\/i0.wp.com\/crater.cat\/wp-content\/uploads\/2026\/04\/9-CARTES2_COBERTA_AAFF-scaled.jpg?fit=754%2C1200&ssl=1&resize=700%2C400 2x"},"classes":[]},{"id":145,"url":"https:\/\/crater.cat\/index.php\/producte\/contes-de-la-becada-de-guy-de-maupassant\/","url_meta":{"origin":1116,"position":1},"title":"Contes de la becada","author":"Edicions del Cr\u00e0ter","date":"15\/08\/2021","format":false,"excerpt":"La qualitat m\u00e9s lloada de Maupassant \u00e9s la frase senzilla, feta aparentment sense esfor\u00e7, que pinta personatges que prenen vida amb una economia verbal sorprenent. Els Contes de la becada en s\u00f3n un exemple perfecte, un dibuix n\u00edtid dels paisatges i els habitants de la Normandia natal de l\u2019escriptor, del\u2026","rel":"","context":"Entrada similar","block_context":{"text":"Entrada similar","link":""},"img":{"alt_text":"Guy de Maupassant - Contes de la becada","src":"https:\/\/i0.wp.com\/crater.cat\/wp-content\/uploads\/2021\/08\/COBERTA-CONTES-DE-LA-BECADA-webp.webp?fit=755%2C1200&ssl=1&resize=350%2C200","width":350,"height":200,"srcset":"https:\/\/i0.wp.com\/crater.cat\/wp-content\/uploads\/2021\/08\/COBERTA-CONTES-DE-LA-BECADA-webp.webp?fit=755%2C1200&ssl=1&resize=350%2C200 1x, https:\/\/i0.wp.com\/crater.cat\/wp-content\/uploads\/2021\/08\/COBERTA-CONTES-DE-LA-BECADA-webp.webp?fit=755%2C1200&ssl=1&resize=525%2C300 1.5x, https:\/\/i0.wp.com\/crater.cat\/wp-content\/uploads\/2021\/08\/COBERTA-CONTES-DE-LA-BECADA-webp.webp?fit=755%2C1200&ssl=1&resize=700%2C400 2x"},"classes":[]},{"id":3363,"url":"https:\/\/crater.cat\/index.php\/producte\/els-seus-ulls-miraven-deu\/","url_meta":{"origin":1116,"position":2},"title":"Els seus ulls miraven D\u00e9u","author":"Edicions del Cr\u00e0ter","date":"16\/09\/2025","format":false,"excerpt":"En una petita comunitat negra del sud dels Estats Units, a principis del segle XX, Janie Crawford empr\u00e8n un viatge vital que la portar\u00e0 a desafiar les convencions de g\u00e8nere, ra\u00e7a i classe. A trav\u00e9s de tres matrimonis i nombroses p\u00e8rdues, Janie apr\u00e8n a ordenar les seves prioritats, tot cercant\u2026","rel":"","context":"Entrada similar","block_context":{"text":"Entrada similar","link":""},"img":{"alt_text":"","src":"https:\/\/i0.wp.com\/crater.cat\/wp-content\/uploads\/2025\/09\/2-AAFF_COB_ELS-SEUS-ULLS_frontal-baixa.jpg?fit=754%2C1200&ssl=1&resize=350%2C200","width":350,"height":200,"srcset":"https:\/\/i0.wp.com\/crater.cat\/wp-content\/uploads\/2025\/09\/2-AAFF_COB_ELS-SEUS-ULLS_frontal-baixa.jpg?fit=754%2C1200&ssl=1&resize=350%2C200 1x, https:\/\/i0.wp.com\/crater.cat\/wp-content\/uploads\/2025\/09\/2-AAFF_COB_ELS-SEUS-ULLS_frontal-baixa.jpg?fit=754%2C1200&ssl=1&resize=525%2C300 1.5x, https:\/\/i0.wp.com\/crater.cat\/wp-content\/uploads\/2025\/09\/2-AAFF_COB_ELS-SEUS-ULLS_frontal-baixa.jpg?fit=754%2C1200&ssl=1&resize=700%2C400 2x"},"classes":[]},{"id":1430,"url":"https:\/\/crater.cat\/index.php\/producte\/el-trente-any\/","url_meta":{"origin":1116,"position":3},"title":"El trent\u00e8 any","author":"Edicions del Cr\u00e0ter","date":"16\/03\/2023","format":false,"excerpt":"Despr\u00e9s d\u2019un exit\u00f3s debut en poesia, El trent\u00e8 any \u00e9s la primera incursi\u00f3 d\u2019Ingeborg Bachmann al regne de la prosa, una s\u00e8rie de relats que no va voler classificar dins de cap g\u00e8nere. Imatges subtils de personatges obsessionats per la cerca de la veritat, per l\u2019obligaci\u00f3 d\u2019estimar o per la\u2026","rel":"","context":"Entrada similar","block_context":{"text":"Entrada similar","link":""},"img":{"alt_text":"Ingeborg Bachmann - El trent\u00e8 any","src":"https:\/\/i0.wp.com\/crater.cat\/wp-content\/uploads\/2023\/03\/COBERTA-EL-TRENTE-ANY-baixa-webp.webp?fit=720%2C1145&ssl=1&resize=350%2C200","width":350,"height":200,"srcset":"https:\/\/i0.wp.com\/crater.cat\/wp-content\/uploads\/2023\/03\/COBERTA-EL-TRENTE-ANY-baixa-webp.webp?fit=720%2C1145&ssl=1&resize=350%2C200 1x, https:\/\/i0.wp.com\/crater.cat\/wp-content\/uploads\/2023\/03\/COBERTA-EL-TRENTE-ANY-baixa-webp.webp?fit=720%2C1145&ssl=1&resize=525%2C300 1.5x, https:\/\/i0.wp.com\/crater.cat\/wp-content\/uploads\/2023\/03\/COBERTA-EL-TRENTE-ANY-baixa-webp.webp?fit=720%2C1145&ssl=1&resize=700%2C400 2x"},"classes":[]},{"id":2731,"url":"https:\/\/crater.cat\/index.php\/producte\/onnagata-i-altres-contes\/","url_meta":{"origin":1116,"position":4},"title":"Onnagata i altres contes","author":"Edicions del Cr\u00e0ter","date":"16\/11\/2024","format":false,"excerpt":"Sovint aclamat en l\u2019art de la novel\u00b7la, Yukio Mishima\u00a0va excel\u00b7lir tamb\u00e9 en l\u2019art del conte, on destil\u00b7la el seu domini de la narraci\u00f3 i tracta alguns dels temes que van marcar la seva vida, com ara l\u2019homosexualitat, la relaci\u00f3 amb el cos, la preocupaci\u00f3 pel rumb del seu pa\u00eds o\u2026","rel":"","context":"Entrada similar","block_context":{"text":"Entrada similar","link":""},"img":{"alt_text":"Onnagata i altres contes Mishima","src":"https:\/\/i0.wp.com\/crater.cat\/wp-content\/uploads\/2024\/10\/8-COBERTA-ONNAGATA_webp.webp?fit=720%2C1146&ssl=1&resize=350%2C200","width":350,"height":200,"srcset":"https:\/\/i0.wp.com\/crater.cat\/wp-content\/uploads\/2024\/10\/8-COBERTA-ONNAGATA_webp.webp?fit=720%2C1146&ssl=1&resize=350%2C200 1x, https:\/\/i0.wp.com\/crater.cat\/wp-content\/uploads\/2024\/10\/8-COBERTA-ONNAGATA_webp.webp?fit=720%2C1146&ssl=1&resize=525%2C300 1.5x, https:\/\/i0.wp.com\/crater.cat\/wp-content\/uploads\/2024\/10\/8-COBERTA-ONNAGATA_webp.webp?fit=720%2C1146&ssl=1&resize=700%2C400 2x"},"classes":[]},{"id":3998,"url":"https:\/\/crater.cat\/index.php\/producte\/deu-anys-dexili\/","url_meta":{"origin":1116,"position":5},"title":"Deu anys d&#8217;exili","author":"Edicions del Cr\u00e0ter","date":"28\/11\/2025","format":false,"excerpt":"Deu anys d\u2019exili (publicat p\u00f2stumament el 1821) \u00e9s el relat autobiogr\u00e0fic en qu\u00e8 Germaine de Sta\u00ebl narra els seus anys de desterrament sota el r\u00e8gim de Napole\u00f3 Bonaparte. L\u2019obra descriu la persecuci\u00f3 pol\u00edtica que pat\u00ed a causa de les seves opinions liberals i la seva oposici\u00f3 al despotisme imperial. De\u2026","rel":"","context":"Entrada similar","block_context":{"text":"Entrada similar","link":""},"img":{"alt_text":"","src":"https:\/\/i0.wp.com\/crater.cat\/wp-content\/uploads\/2025\/11\/8-v2_COB_DEU-ANYS-DEXILI-Mdme-de-Stael-1-scaled.jpg?fit=754%2C1200&ssl=1&resize=350%2C200","width":350,"height":200,"srcset":"https:\/\/i0.wp.com\/crater.cat\/wp-content\/uploads\/2025\/11\/8-v2_COB_DEU-ANYS-DEXILI-Mdme-de-Stael-1-scaled.jpg?fit=754%2C1200&ssl=1&resize=350%2C200 1x, https:\/\/i0.wp.com\/crater.cat\/wp-content\/uploads\/2025\/11\/8-v2_COB_DEU-ANYS-DEXILI-Mdme-de-Stael-1-scaled.jpg?fit=754%2C1200&ssl=1&resize=525%2C300 1.5x, https:\/\/i0.wp.com\/crater.cat\/wp-content\/uploads\/2025\/11\/8-v2_COB_DEU-ANYS-DEXILI-Mdme-de-Stael-1-scaled.jpg?fit=754%2C1200&ssl=1&resize=700%2C400 2x"},"classes":[]}],"_links":{"self":[{"href":"https:\/\/crater.cat\/index.php\/wp-json\/wp\/v2\/product\/1116","targetHints":{"allow":["GET"]}}],"collection":[{"href":"https:\/\/crater.cat\/index.php\/wp-json\/wp\/v2\/product"}],"about":[{"href":"https:\/\/crater.cat\/index.php\/wp-json\/wp\/v2\/types\/product"}],"author":[{"embeddable":true,"href":"https:\/\/crater.cat\/index.php\/wp-json\/wp\/v2\/users\/1"}],"wp:featuredmedia":[{"embeddable":true,"href":"https:\/\/crater.cat\/index.php\/wp-json\/wp\/v2\/media\/2054"}],"wp:attachment":[{"href":"https:\/\/crater.cat\/index.php\/wp-json\/wp\/v2\/media?parent=1116"}],"wp:term":[{"taxonomy":"product_brand","embeddable":true,"href":"https:\/\/crater.cat\/index.php\/wp-json\/wp\/v2\/product_brand?post=1116"},{"taxonomy":"product_cat","embeddable":true,"href":"https:\/\/crater.cat\/index.php\/wp-json\/wp\/v2\/product_cat?post=1116"},{"taxonomy":"product_tag","embeddable":true,"href":"https:\/\/crater.cat\/index.php\/wp-json\/wp\/v2\/product_tag?post=1116"},{"taxonomy":"author","embeddable":true,"href":"https:\/\/crater.cat\/index.php\/wp-json\/wp\/v2\/ppma_author?post=1116"}],"curies":[{"name":"wp","href":"https:\/\/api.w.org\/{rel}","templated":true}]}}

<p style="text-align: left;">Autor: Ernest Hemingway</p>
<p style="text-align: left;">Traducció: Jordi Arbonès</p>
<p style="text-align: left;">Col·lecció Renart</p>
<p style="text-align: left;">Mides: 120 x 194</p>
<p style="text-align: left;">Nº de pàgines: 216</p>
<p style="text-align: left;">ISBN: 978-84-124503-4-7</p>
<p style="text-align: left;">1a edició: setembre de 2022</p>
<div class="mkdf-separator-holder clearfix  mkdf-separator-center mkdf-separator-normal">
	<div class="mkdf-separator" >
			</div>
</div>

<h3 style="text-align: left;">Enllaços</h3>
<p>El conte <strong><a title="Campament indi - En el nostre temps" href="https://stroligut.com/ernest-hemingway/campament-indi/" target="_blank" rel="noopener">«Campament indi» a la revista Stroligut</a></strong>.</p>
<p><a href="https://www.patreon.com/posts/hemingway-el-rf-74677473?utm_medium=clipboard_copy&amp;utm_source=copyLink&amp;utm_campaign=postshare_fan&amp;utm_content=join_link"><strong>Marina Porras i Enric Vila parlen d&#8217;«En el nostre temps» a Casablanca</strong></a>.</p>
<p><strong><a title="De com Hemingway va adquirir «La masia» de Joan Miró" href="https://edicionscrater.live-website.com/index.php/2022/09/30/de-com-hemingway-va-adquirir-la-masia-de-joan-miro/" target="_blank" rel="noopener">De com Hemingway va adquirir «La masia» de Joan Miró</a></strong> al nostre blog.</p>
<p>Article de <a href="https://www.nuvol.com/llibres/hemingway-reviu-en-el-nostre-temps-307734" target="_blank" rel="noopener"><strong>Joan Simó a la revista Núvol sobre «En el nostre temps» de Hemingway</strong></a>.</p>
<p>&nbsp;</p>

<p>En el nostre temps és el primer recull de narracions breus d’Ernest Hemingway i tota una revolució en el relat en llengua anglesa. Centrat en l’acció, preocupat per aconseguir frases sòlides i honestes, és el primer gran experiment de Hemingway amb la seva teoria de l’iceberg, segons la qual només cal contar allò que flota en la superfície per tal que el lector imagini tot el que s’amaga al fons. Sovint protagonitzats pel seu alter ego, Nick Adams, els relats s’ambienten en la seva infantesa als llacs de Michigan i en l’època que va conduir ambulàncies a Itàlia, durant la Primera Guerra Mundial, i va conèixer Europa. Escrit abans dels vint-i-cinc anys, En el nostre temps va consagrar Hemingway i va meravellar autors com Scott Fitzgerald, donant el tret de sortida a una carrera de lletres i acció entorn la qual s’ha creat un dels grans mites literaris del segle XX.</p>
<p>&nbsp;</p>
<hr />
<p>&nbsp;</p>
<p><strong><em>Enviament gratuït. Rebreu el producte en un termini d&#8217;entre 2 dies i una setmana.</em></strong></p>

Edicions del Cràter

Aquest volum mostra un epistolari més dens i reflexiu, on la quotidianitat conviu amb la gestació de grans projectes literaris, els debats ideològics, les relacions amb figures rellevants del món cultural i els primers signes de conflicte interior. La correspondència revela un subjecte escindit entre l’obediència i la llibertat, entre…

La qualitat més lloada de Maupassant és la frase senzilla, feta aparentment sense esforç, que pinta personatges que prenen vida amb una economia verbal sorprenent. Els Contes de la becada en són un exemple perfecte, un dibuix nítid dels paisatges i els habitants de la Normandia natal de l’escriptor, del…

Els seus ulls miraven Déu

En una petita comunitat negra del sud dels Estats Units, a principis del segle XX, Janie Crawford emprèn un viatge vital que la portarà a desafiar les convencions de gènere, raça i classe. A través de tres matrimonis i nombroses pèrdues, Janie aprèn a ordenar les seves prioritats, tot cercant…

El trentè any

Després d’un exitós debut en poesia, El trentè any és la primera incursió d’Ingeborg Bachmann al regne de la prosa, una sèrie de relats que no va voler classificar dins de cap gènere. Imatges subtils de personatges obsessionats per la cerca de la veritat, per l’obligació d’estimar o per la…

Ingeborg Bachmann - El trentè any

Sovint aclamat en l’art de la novel·la, Yukio Mishima va excel·lir també en l’art del conte, on destil·la el seu domini de la narració i tracta alguns dels temes que van marcar la seva vida, com ara l’homosexualitat, la relació amb el cos, la preocupació pel rumb del seu país o…

Deu anys d’exili (publicat pòstumament el 1821) és el relat autobiogràfic en què Germaine de Staël narra els seus anys de desterrament sota el règim de Napoleó Bonaparte. L’obra descriu la persecució política que patí a causa de les seves opinions liberals i la seva oposició al despotisme imperial. De…
