{"id":1863,"date":"2023-10-16T20:15:50","date_gmt":"2023-10-16T18:15:50","guid":{"rendered":"https:\/\/crater.cat\/?post_type=product&#038;p=1863"},"modified":"2024-03-15T14:47:02","modified_gmt":"2024-03-15T13:47:02","slug":"com-em-vaig-escapar-de-la-preso-de-venecia-la-meva-fuga-dels-ploms","status":"publish","type":"product","link":"https:\/\/crater.cat\/index.php\/producte\/com-em-vaig-escapar-de-la-preso-de-venecia-la-meva-fuga-dels-ploms\/","title":{"rendered":"Com em vaig escapar de la pres\u00f3 de Ven\u00e8cia"},"content":{"rendered":"<p style=\"text-align: left;\">Autor: Giacomo Casanova<\/p>\n<p style=\"text-align: left;\">Traducci\u00f3: Marta Marfany<\/p>\n<p style=\"text-align: left;\">Col\u00b7lecci\u00f3 Magnetar<\/p>\n<p style=\"text-align: left;\">Mides: 130 x 210<\/p>\n<p style=\"text-align: left;\">N\u00ba de p\u00e0gines: 176<\/p>\n<p style=\"text-align: left;\">ISBN: 978-84-124503-8-5<\/p>\n<p style=\"text-align: left;\">1a edici\u00f3: octubre de 2023<\/p>\n<hr \/>\n<p>&nbsp;<\/p>\n","protected":false},"excerpt":{"rendered":"<p><strong>La meva fuga d&#8217;Els Ploms<\/strong><\/p>\n<p>Amb trenta anys, Giacomo Casanova \u00e9s detingut per heretgia a Ven\u00e8cia i tancat a Els Ploms, la pres\u00f3 del Palau Ducal. Quan compr\u00e8n que no en ser\u00e0 alliberat aviat, centra tota l\u2019energia a idear una forma de fugir-ne. Aquesta \u00e9s la hist\u00f2ria d\u2019alg\u00fa que encara les dificultats prenent la iniciativa, que mira el futur amb optimisme i confia en les seves pr\u00f2pies possibilitats. Mentre la pres\u00f3 d\u2019Els Ploms va estar en funcionament, Casanova va ser l\u2019\u00fanic que va aconseguir escapar-se\u2019n, i ho va fer amb un meravell\u00f3s desplegament d\u2019ast\u00facia, intrepidesa i psicologia, exhibint un talent superb per anticipar les reaccions dels altres. La fuga d\u2019Els Ploms de Casanova \u00e9s un dels relats autobiogr\u00e0fics m\u00e9s c\u00e8lebres de la literatura europea, i l\u2019\u00e8xit de la seva publicaci\u00f3 va ser tan gran que va animar l\u2019autor a escriure la seva autobiografia i va posar en marxa el mite del llegendari seductor, jugador i aventurer que coneixem avui dia.<\/p>\n<p>&nbsp;<\/p>\n<hr \/>\n<p>&nbsp;<\/p>\n<p><strong><em>Enviament gratu\u00eft. Rebreu el producte en un termini d&#8217;entre 2 dies i una setmana.<\/em><\/strong><\/p>\n","protected":false},"author":1,"featured_media":2050,"template":"","meta":{"cybocfi_hide_featured_image":"","jetpack_publicize_message":"","jetpack_publicize_feature_enabled":true,"jetpack_social_post_already_shared":true,"jetpack_social_options":{"image_generator_settings":{"template":"highway","default_image_id":0,"font":"","enabled":false},"version":2}},"product_brand":[],"product_cat":[21],"product_tag":[84,86],"ppma_author":[87],"class_list":{"0":"post-1863","1":"product","2":"type-product","3":"status-publish","4":"has-post-thumbnail","6":"product_cat-magnetar","7":"product_tag-italia","8":"product_tag-literatura","10":"first","11":"instock","12":"shipping-taxable","13":"purchasable","14":"product-type-simple"},"aioseo_notices":[],"jetpack_publicize_connections":[],"jetpack_sharing_enabled":true,"jetpack-related-posts":[{"id":1430,"url":"https:\/\/crater.cat\/index.php\/producte\/el-trente-any\/","url_meta":{"origin":1863,"position":0},"title":"El trent\u00e8 any","author":"Edicions del Cr\u00e0ter","date":"16\/03\/2023","format":false,"excerpt":"Despr\u00e9s d\u2019un exit\u00f3s debut en poesia, El trent\u00e8 any \u00e9s la primera incursi\u00f3 d\u2019Ingeborg Bachmann al regne de la prosa, una s\u00e8rie de relats que no va voler classificar dins de cap g\u00e8nere. Imatges subtils de personatges obsessionats per la cerca de la veritat, per l\u2019obligaci\u00f3 d\u2019estimar o per la\u2026","rel":"","context":"Entrada similar","block_context":{"text":"Entrada similar","link":""},"img":{"alt_text":"Ingeborg Bachmann - El trent\u00e8 any","src":"https:\/\/i0.wp.com\/crater.cat\/wp-content\/uploads\/2023\/03\/COBERTA-EL-TRENTE-ANY-baixa-webp.webp?fit=720%2C1145&ssl=1&resize=350%2C200","width":350,"height":200,"srcset":"https:\/\/i0.wp.com\/crater.cat\/wp-content\/uploads\/2023\/03\/COBERTA-EL-TRENTE-ANY-baixa-webp.webp?fit=720%2C1145&ssl=1&resize=350%2C200 1x, https:\/\/i0.wp.com\/crater.cat\/wp-content\/uploads\/2023\/03\/COBERTA-EL-TRENTE-ANY-baixa-webp.webp?fit=720%2C1145&ssl=1&resize=525%2C300 1.5x, https:\/\/i0.wp.com\/crater.cat\/wp-content\/uploads\/2023\/03\/COBERTA-EL-TRENTE-ANY-baixa-webp.webp?fit=720%2C1145&ssl=1&resize=700%2C400 2x"},"classes":[]},{"id":145,"url":"https:\/\/crater.cat\/index.php\/producte\/contes-de-la-becada-de-guy-de-maupassant\/","url_meta":{"origin":1863,"position":1},"title":"Contes de la becada","author":"Edicions del Cr\u00e0ter","date":"15\/08\/2021","format":false,"excerpt":"La qualitat m\u00e9s lloada de Maupassant \u00e9s la frase senzilla, feta aparentment sense esfor\u00e7, que pinta personatges que prenen vida amb una economia verbal sorprenent. Els Contes de la becada en s\u00f3n un exemple perfecte, un dibuix n\u00edtid dels paisatges i els habitants de la Normandia natal de l\u2019escriptor, del\u2026","rel":"","context":"Entrada similar","block_context":{"text":"Entrada similar","link":""},"img":{"alt_text":"Guy de Maupassant - Contes de la becada","src":"https:\/\/i0.wp.com\/crater.cat\/wp-content\/uploads\/2021\/08\/COBERTA-CONTES-DE-LA-BECADA-webp.webp?fit=755%2C1200&ssl=1&resize=350%2C200","width":350,"height":200,"srcset":"https:\/\/i0.wp.com\/crater.cat\/wp-content\/uploads\/2021\/08\/COBERTA-CONTES-DE-LA-BECADA-webp.webp?fit=755%2C1200&ssl=1&resize=350%2C200 1x, https:\/\/i0.wp.com\/crater.cat\/wp-content\/uploads\/2021\/08\/COBERTA-CONTES-DE-LA-BECADA-webp.webp?fit=755%2C1200&ssl=1&resize=525%2C300 1.5x, https:\/\/i0.wp.com\/crater.cat\/wp-content\/uploads\/2021\/08\/COBERTA-CONTES-DE-LA-BECADA-webp.webp?fit=755%2C1200&ssl=1&resize=700%2C400 2x"},"classes":[]},{"id":5388,"url":"https:\/\/crater.cat\/index.php\/producte\/meravelles-tan-breus\/","url_meta":{"origin":1863,"position":2},"title":"Meravelles tan breus","author":"Edicions del Cr\u00e0ter","date":"23\/03\/2026","format":false,"excerpt":"Meravelles tan breus \u00e9s una novel\u00b7la l\u00edrica i fragment\u00e0ria sobre la joventut, la creaci\u00f3 i la p\u00e8rdua. A trav\u00e9s d\u2019un joc de veus \u2014tu, nosaltres i ella\u2014, el llibre recorre la mem\u00f2ria d\u2019una generaci\u00f3 que va creure tocar la plenitud: l\u2019art, la nit, l\u2019amor, la ciutat i la sensaci\u00f3 d\u2019haver\u2026","rel":"","context":"Entrada similar","block_context":{"text":"Entrada similar","link":""},"img":{"alt_text":"","src":"https:\/\/i0.wp.com\/crater.cat\/wp-content\/uploads\/2026\/03\/3-Meravelles-tan-breus_cob_v8-scaled.jpg?fit=755%2C1200&ssl=1&resize=350%2C200","width":350,"height":200,"srcset":"https:\/\/i0.wp.com\/crater.cat\/wp-content\/uploads\/2026\/03\/3-Meravelles-tan-breus_cob_v8-scaled.jpg?fit=755%2C1200&ssl=1&resize=350%2C200 1x, https:\/\/i0.wp.com\/crater.cat\/wp-content\/uploads\/2026\/03\/3-Meravelles-tan-breus_cob_v8-scaled.jpg?fit=755%2C1200&ssl=1&resize=525%2C300 1.5x, https:\/\/i0.wp.com\/crater.cat\/wp-content\/uploads\/2026\/03\/3-Meravelles-tan-breus_cob_v8-scaled.jpg?fit=755%2C1200&ssl=1&resize=700%2C400 2x"},"classes":[]},{"id":2991,"url":"https:\/\/crater.cat\/index.php\/producte\/tango-satanic\/","url_meta":{"origin":1863,"position":3},"title":"Tango sat\u00e0nic","author":"Edicions del Cr\u00e0ter","date":"13\/03\/2025","format":false,"excerpt":"Sota la intensa pluja i l\u2019atmosfera ombr\u00edvola d\u2019un petit poble rural, en una Hongria encara sota el jou comunista, els habitants esperen l\u2019arribada imminent de l\u2019Irimi\u00e1s. Sembla l\u2019\u00fanica figura capa\u00e7 de generar certa esperan\u00e7a en el claustrof\u00f2bic infern amarat de p\u00e0linka d\u2019una col\u00f2nia d\u2019on tots volen escapar. Resseguint els fils\u2026","rel":"","context":"Entrada similar","block_context":{"text":"Entrada similar","link":""},"img":{"alt_text":"Tango sat\u00e0nic","src":"https:\/\/i0.wp.com\/crater.cat\/wp-content\/uploads\/2025\/03\/TANGO-SATANIC_Webp.webp?fit=755%2C1200&ssl=1&resize=350%2C200","width":350,"height":200,"srcset":"https:\/\/i0.wp.com\/crater.cat\/wp-content\/uploads\/2025\/03\/TANGO-SATANIC_Webp.webp?fit=755%2C1200&ssl=1&resize=350%2C200 1x, https:\/\/i0.wp.com\/crater.cat\/wp-content\/uploads\/2025\/03\/TANGO-SATANIC_Webp.webp?fit=755%2C1200&ssl=1&resize=525%2C300 1.5x, https:\/\/i0.wp.com\/crater.cat\/wp-content\/uploads\/2025\/03\/TANGO-SATANIC_Webp.webp?fit=755%2C1200&ssl=1&resize=700%2C400 2x"},"classes":[]},{"id":3363,"url":"https:\/\/crater.cat\/index.php\/producte\/els-seus-ulls-miraven-deu\/","url_meta":{"origin":1863,"position":4},"title":"Els seus ulls miraven D\u00e9u","author":"Edicions del Cr\u00e0ter","date":"16\/09\/2025","format":false,"excerpt":"En una petita comunitat negra del sud dels Estats Units, a principis del segle XX, Janie Crawford empr\u00e8n un viatge vital que la portar\u00e0 a desafiar les convencions de g\u00e8nere, ra\u00e7a i classe. A trav\u00e9s de tres matrimonis i nombroses p\u00e8rdues, Janie apr\u00e8n a ordenar les seves prioritats, tot cercant\u2026","rel":"","context":"Entrada similar","block_context":{"text":"Entrada similar","link":""},"img":{"alt_text":"","src":"https:\/\/i0.wp.com\/crater.cat\/wp-content\/uploads\/2025\/09\/2-AAFF_COB_ELS-SEUS-ULLS_frontal-baixa.jpg?fit=754%2C1200&ssl=1&resize=350%2C200","width":350,"height":200,"srcset":"https:\/\/i0.wp.com\/crater.cat\/wp-content\/uploads\/2025\/09\/2-AAFF_COB_ELS-SEUS-ULLS_frontal-baixa.jpg?fit=754%2C1200&ssl=1&resize=350%2C200 1x, https:\/\/i0.wp.com\/crater.cat\/wp-content\/uploads\/2025\/09\/2-AAFF_COB_ELS-SEUS-ULLS_frontal-baixa.jpg?fit=754%2C1200&ssl=1&resize=525%2C300 1.5x, https:\/\/i0.wp.com\/crater.cat\/wp-content\/uploads\/2025\/09\/2-AAFF_COB_ELS-SEUS-ULLS_frontal-baixa.jpg?fit=754%2C1200&ssl=1&resize=700%2C400 2x"},"classes":[]},{"id":550,"url":"https:\/\/crater.cat\/index.php\/producte\/els-arbres-de-lorgull\/","url_meta":{"origin":1863,"position":5},"title":"Els arbres de l&#8217;orgull","author":"Edicions del Cr\u00e0ter","date":"09\/02\/2022","format":false,"excerpt":"Uns arbres ex\u00f2tics portats de l\u2019\u00c0frica creixen a la punta de Cornualla, dins les terres de la fam\u00edlia Vane. El seu aspecte fantasmag\u00f2ric atemoreix els habitants de la regi\u00f3, alhora que uns misteriosos personatges es reuneixen a casa de la fam\u00edlia. Tot est\u00e0 a punt perqu\u00e8 es desencadeni el que\u2026","rel":"","context":"Entrada similar","block_context":{"text":"Entrada similar","link":""},"img":{"alt_text":"Chesterton - Els arbres de l'orgull","src":"https:\/\/i0.wp.com\/crater.cat\/wp-content\/uploads\/2022\/02\/portada-ARBRES-DE-LORGULL_BAIXA-webp.webp?fit=720%2C1146&ssl=1&resize=350%2C200","width":350,"height":200,"srcset":"https:\/\/i0.wp.com\/crater.cat\/wp-content\/uploads\/2022\/02\/portada-ARBRES-DE-LORGULL_BAIXA-webp.webp?fit=720%2C1146&ssl=1&resize=350%2C200 1x, https:\/\/i0.wp.com\/crater.cat\/wp-content\/uploads\/2022\/02\/portada-ARBRES-DE-LORGULL_BAIXA-webp.webp?fit=720%2C1146&ssl=1&resize=525%2C300 1.5x, https:\/\/i0.wp.com\/crater.cat\/wp-content\/uploads\/2022\/02\/portada-ARBRES-DE-LORGULL_BAIXA-webp.webp?fit=720%2C1146&ssl=1&resize=700%2C400 2x"},"classes":[]}],"_links":{"self":[{"href":"https:\/\/crater.cat\/index.php\/wp-json\/wp\/v2\/product\/1863","targetHints":{"allow":["GET"]}}],"collection":[{"href":"https:\/\/crater.cat\/index.php\/wp-json\/wp\/v2\/product"}],"about":[{"href":"https:\/\/crater.cat\/index.php\/wp-json\/wp\/v2\/types\/product"}],"author":[{"embeddable":true,"href":"https:\/\/crater.cat\/index.php\/wp-json\/wp\/v2\/users\/1"}],"wp:featuredmedia":[{"embeddable":true,"href":"https:\/\/crater.cat\/index.php\/wp-json\/wp\/v2\/media\/2050"}],"wp:attachment":[{"href":"https:\/\/crater.cat\/index.php\/wp-json\/wp\/v2\/media?parent=1863"}],"wp:term":[{"taxonomy":"product_brand","embeddable":true,"href":"https:\/\/crater.cat\/index.php\/wp-json\/wp\/v2\/product_brand?post=1863"},{"taxonomy":"product_cat","embeddable":true,"href":"https:\/\/crater.cat\/index.php\/wp-json\/wp\/v2\/product_cat?post=1863"},{"taxonomy":"product_tag","embeddable":true,"href":"https:\/\/crater.cat\/index.php\/wp-json\/wp\/v2\/product_tag?post=1863"},{"taxonomy":"author","embeddable":true,"href":"https:\/\/crater.cat\/index.php\/wp-json\/wp\/v2\/ppma_author?post=1863"}],"curies":[{"name":"wp","href":"https:\/\/api.w.org\/{rel}","templated":true}]}}