{"id":1994,"date":"2024-02-23T20:09:58","date_gmt":"2024-02-23T19:09:58","guid":{"rendered":"https:\/\/crater.cat\/?post_type=product&#038;p=1994"},"modified":"2024-03-15T09:20:22","modified_gmt":"2024-03-15T08:20:22","slug":"pinya-de-rosa","status":"publish","type":"product","link":"https:\/\/crater.cat\/index.php\/producte\/pinya-de-rosa\/","title":{"rendered":"Pinya de rosa"},"content":{"rendered":"<p style=\"text-align: left;\">Autor: Joaquim Ruyra i Oms<\/p>\n<p style=\"text-align: left;\">Col\u00b7lecci\u00f3 Renart<\/p>\n<p style=\"text-align: left;\">Mides: 120 x 194<\/p>\n<p style=\"text-align: left;\">N\u00ba de p\u00e0gines: 440<\/p>\n<p style=\"text-align: left;\">ISBN: 978-84-128286-0-3<\/p>\n<p style=\"text-align: left;\">1a edici\u00f3: mar\u00e7 de 2024<\/p>\n<div class=\"mkdf-separator-holder clearfix  mkdf-separator-center mkdf-separator-normal\">\n\t<div class=\"mkdf-separator\" >\n\t\t\t<\/div>\n<\/div>\n\n","protected":false},"excerpt":{"rendered":"<p><em>Pinya de rosa <\/em>\u00e9s la versi\u00f3 ampliada i definitiva de <em>Marines i boscatges<\/em>, un dels grans \u00e8xits de Ruyra, en la tria de textos final de l\u2019autor. La descripci\u00f3 del m\u00f3n mariner, la fascinaci\u00f3 per la for\u00e7a incommensurable de la mar o la pl\u00e0stica mineral de les roques s\u00f3n la contribuci\u00f3 de Ruyra al modernisme literari, un text caracteritzat per una prosa viv\u00edssima, vibrant, que ressona amb tota la for\u00e7a d\u2019una \u00e8poca i d\u2019un m\u00f3n, el dels pescadors de Blanes i la Costa Brava al tombant del segle XX. Ruyra recull la riquesa del seu llenguatge m\u00e9s aut\u00e8ntic en una prosa s\u00f2lida i tensa que no s\u2019estanca en el costumisme, sin\u00f3 que es llan\u00e7a a afrontar alguns dels grans temes literaris, i \u00e9s per aix\u00f2 que despert\u00e0 l\u2019admiraci\u00f3 de figures com Josep Pla, Merc\u00e8 Rodoreda o Josep Carner.<\/p>\n<p>&nbsp;<\/p>\n<hr \/>\n<p>&nbsp;<\/p>\n<p><strong><em>Enviament gratu\u00eft. Rebreu el producte en un termini d&#8217;entre 2 dies i una setmana.<\/em><\/strong><\/p>\n","protected":false},"author":1,"featured_media":2001,"template":"","meta":{"cybocfi_hide_featured_image":"","jetpack_publicize_message":"","jetpack_publicize_feature_enabled":true,"jetpack_social_post_already_shared":true,"jetpack_social_options":{"image_generator_settings":{"template":"highway","default_image_id":0,"font":"","enabled":false},"version":2}},"product_brand":[],"product_cat":[17],"product_tag":[],"ppma_author":[99],"class_list":{"0":"post-1994","1":"product","2":"type-product","3":"status-publish","4":"has-post-thumbnail","6":"product_cat-renart","8":"first","9":"instock","10":"shipping-taxable","11":"purchasable","12":"product-type-simple"},"aioseo_notices":[],"jetpack_publicize_connections":[],"jetpack_sharing_enabled":true,"jetpack-related-posts":[{"id":2991,"url":"https:\/\/crater.cat\/index.php\/producte\/tango-satanic\/","url_meta":{"origin":1994,"position":0},"title":"Tango sat\u00e0nic","author":"Edicions del Cr\u00e0ter","date":"13\/03\/2025","format":false,"excerpt":"Sota la intensa pluja i l\u2019atmosfera ombr\u00edvola d\u2019un petit poble rural, en una Hongria encara sota el jou comunista, els habitants esperen l\u2019arribada imminent de l\u2019Irimi\u00e1s. Sembla l\u2019\u00fanica figura capa\u00e7 de generar certa esperan\u00e7a en el claustrof\u00f2bic infern amarat de p\u00e0linka d\u2019una col\u00f2nia d\u2019on tots volen escapar. Resseguint els fils\u2026","rel":"","context":"Entrada similar","block_context":{"text":"Entrada similar","link":""},"img":{"alt_text":"Tango sat\u00e0nic","src":"https:\/\/i0.wp.com\/crater.cat\/wp-content\/uploads\/2025\/03\/TANGO-SATANIC_Webp.webp?fit=755%2C1200&ssl=1&resize=350%2C200","width":350,"height":200,"srcset":"https:\/\/i0.wp.com\/crater.cat\/wp-content\/uploads\/2025\/03\/TANGO-SATANIC_Webp.webp?fit=755%2C1200&ssl=1&resize=350%2C200 1x, https:\/\/i0.wp.com\/crater.cat\/wp-content\/uploads\/2025\/03\/TANGO-SATANIC_Webp.webp?fit=755%2C1200&ssl=1&resize=525%2C300 1.5x, https:\/\/i0.wp.com\/crater.cat\/wp-content\/uploads\/2025\/03\/TANGO-SATANIC_Webp.webp?fit=755%2C1200&ssl=1&resize=700%2C400 2x"},"classes":[]},{"id":2659,"url":"https:\/\/crater.cat\/index.php\/producte\/diaris\/","url_meta":{"origin":1994,"position":1},"title":"Diaris","author":"Sylvia Plath","date":"26\/08\/2024","format":false,"excerpt":"Els Diaris s\u00f3n una de les produccions amb m\u00e9s for\u00e7a de Sylvia Plath, no nom\u00e9s des del punt de vista vivencial, sin\u00f3 tamb\u00e9 de la qualitat liter\u00e0ria. Comen\u00e7ats ja en l\u2019adolesc\u00e8ncia, mostren l\u2019obsessi\u00f3 de l\u2019autora per dur una vida focalitzada en la literatura i de mantenir un ritme d\u2019escriptura constant.\u2026","rel":"","context":"Entrada similar","block_context":{"text":"Entrada similar","link":""},"img":{"alt_text":"Diaris-Plath_COBERTA","src":"https:\/\/i0.wp.com\/crater.cat\/wp-content\/uploads\/2024\/08\/thumbnail_CRATER_Diaris-Plath_COBERTA_alta-AAFF-scaled.webp?fit=754%2C1200&ssl=1&resize=350%2C200","width":350,"height":200,"srcset":"https:\/\/i0.wp.com\/crater.cat\/wp-content\/uploads\/2024\/08\/thumbnail_CRATER_Diaris-Plath_COBERTA_alta-AAFF-scaled.webp?fit=754%2C1200&ssl=1&resize=350%2C200 1x, https:\/\/i0.wp.com\/crater.cat\/wp-content\/uploads\/2024\/08\/thumbnail_CRATER_Diaris-Plath_COBERTA_alta-AAFF-scaled.webp?fit=754%2C1200&ssl=1&resize=525%2C300 1.5x, https:\/\/i0.wp.com\/crater.cat\/wp-content\/uploads\/2024\/08\/thumbnail_CRATER_Diaris-Plath_COBERTA_alta-AAFF-scaled.webp?fit=754%2C1200&ssl=1&resize=700%2C400 2x"},"classes":[]},{"id":1716,"url":"https:\/\/crater.cat\/index.php\/producte\/el-mar-no-banya-napols\/","url_meta":{"origin":1994,"position":2},"title":"El mar no banya N\u00e0pols","author":"Edicions del Cr\u00e0ter","date":"16\/06\/2023","format":false,"excerpt":"Som a principis de 1950, els soldats americans que van aterrar a N\u00e0pols durant la Segona Guerra Mundial encara no n\u2019han marxat i s\u00f3n nom\u00e9s un tel\u00f3 de fons d\u2019aquests relats narrats amb un detallisme cru i visceral. Ortese ens mostra una ciutat perduda que, quan l\u2019aconsegueix enfocar, es revela\u2026","rel":"","context":"Entrada similar","block_context":{"text":"Entrada similar","link":""},"img":{"alt_text":"Ortese - El mar no banya N\u00e0pols","src":"https:\/\/i0.wp.com\/crater.cat\/wp-content\/uploads\/2024\/03\/COBERTA-MAR-NO-BANYA-NAPOLS-baixa-webp.webp?fit=720%2C1146&ssl=1&resize=350%2C200","width":350,"height":200,"srcset":"https:\/\/i0.wp.com\/crater.cat\/wp-content\/uploads\/2024\/03\/COBERTA-MAR-NO-BANYA-NAPOLS-baixa-webp.webp?fit=720%2C1146&ssl=1&resize=350%2C200 1x, https:\/\/i0.wp.com\/crater.cat\/wp-content\/uploads\/2024\/03\/COBERTA-MAR-NO-BANYA-NAPOLS-baixa-webp.webp?fit=720%2C1146&ssl=1&resize=525%2C300 1.5x, https:\/\/i0.wp.com\/crater.cat\/wp-content\/uploads\/2024\/03\/COBERTA-MAR-NO-BANYA-NAPOLS-baixa-webp.webp?fit=720%2C1146&ssl=1&resize=700%2C400 2x"},"classes":[]},{"id":1430,"url":"https:\/\/crater.cat\/index.php\/producte\/el-trente-any\/","url_meta":{"origin":1994,"position":3},"title":"El trent\u00e8 any","author":"Edicions del Cr\u00e0ter","date":"16\/03\/2023","format":false,"excerpt":"Despr\u00e9s d\u2019un exit\u00f3s debut en poesia, El trent\u00e8 any \u00e9s la primera incursi\u00f3 d\u2019Ingeborg Bachmann al regne de la prosa, una s\u00e8rie de relats que no va voler classificar dins de cap g\u00e8nere. Imatges subtils de personatges obsessionats per la cerca de la veritat, per l\u2019obligaci\u00f3 d\u2019estimar o per la\u2026","rel":"","context":"Entrada similar","block_context":{"text":"Entrada similar","link":""},"img":{"alt_text":"Ingeborg Bachmann - El trent\u00e8 any","src":"https:\/\/i0.wp.com\/crater.cat\/wp-content\/uploads\/2023\/03\/COBERTA-EL-TRENTE-ANY-baixa-webp.webp?fit=720%2C1145&ssl=1&resize=350%2C200","width":350,"height":200,"srcset":"https:\/\/i0.wp.com\/crater.cat\/wp-content\/uploads\/2023\/03\/COBERTA-EL-TRENTE-ANY-baixa-webp.webp?fit=720%2C1145&ssl=1&resize=350%2C200 1x, https:\/\/i0.wp.com\/crater.cat\/wp-content\/uploads\/2023\/03\/COBERTA-EL-TRENTE-ANY-baixa-webp.webp?fit=720%2C1145&ssl=1&resize=525%2C300 1.5x, https:\/\/i0.wp.com\/crater.cat\/wp-content\/uploads\/2023\/03\/COBERTA-EL-TRENTE-ANY-baixa-webp.webp?fit=720%2C1145&ssl=1&resize=700%2C400 2x"},"classes":[]},{"id":5388,"url":"https:\/\/crater.cat\/index.php\/producte\/meravelles-tan-breus\/","url_meta":{"origin":1994,"position":4},"title":"Meravelles tan breus","author":"Edicions del Cr\u00e0ter","date":"23\/03\/2026","format":false,"excerpt":"Meravelles tan breus \u00e9s una novel\u00b7la l\u00edrica i fragment\u00e0ria sobre la joventut, la creaci\u00f3 i la p\u00e8rdua. A trav\u00e9s d\u2019un joc de veus \u2014tu, nosaltres i ella\u2014, el llibre recorre la mem\u00f2ria d\u2019una generaci\u00f3 que va creure tocar la plenitud: l\u2019art, la nit, l\u2019amor, la ciutat i la sensaci\u00f3 d\u2019haver\u2026","rel":"","context":"Entrada similar","block_context":{"text":"Entrada similar","link":""},"img":{"alt_text":"","src":"https:\/\/i0.wp.com\/crater.cat\/wp-content\/uploads\/2026\/03\/3-Meravelles-tan-breus_cob_v8-scaled.jpg?fit=755%2C1200&ssl=1&resize=350%2C200","width":350,"height":200,"srcset":"https:\/\/i0.wp.com\/crater.cat\/wp-content\/uploads\/2026\/03\/3-Meravelles-tan-breus_cob_v8-scaled.jpg?fit=755%2C1200&ssl=1&resize=350%2C200 1x, https:\/\/i0.wp.com\/crater.cat\/wp-content\/uploads\/2026\/03\/3-Meravelles-tan-breus_cob_v8-scaled.jpg?fit=755%2C1200&ssl=1&resize=525%2C300 1.5x, https:\/\/i0.wp.com\/crater.cat\/wp-content\/uploads\/2026\/03\/3-Meravelles-tan-breus_cob_v8-scaled.jpg?fit=755%2C1200&ssl=1&resize=700%2C400 2x"},"classes":[]},{"id":3003,"url":"https:\/\/crater.cat\/index.php\/producte\/3003\/","url_meta":{"origin":1994,"position":5},"title":"El setge de Sebast\u00f2pol","author":"Edicions del Cr\u00e0ter","date":"31\/03\/2025","format":false,"excerpt":"El 1854, amb nom\u00e9s vint-i-sis anys i acabat d\u2019allistar a l\u2019ex\u00e8rcit, Lev Tolstoi va arribar a Crimea per servir-hi com a oficial d\u2019artilleria. Les forces brit\u00e0niques, franceses, otomanes i piemonteses guanyaven terreny contra l\u2019ex\u00e8rcit rus i assetjaven la ciutat de Sebast\u00f2pol. Tolstoi hi va viure el setge d\u2019onze mesos que\u2026","rel":"","context":"Entrada similar","block_context":{"text":"Entrada similar","link":""},"img":{"alt_text":"EL-SETGE-DE-SEBASTOPOL","src":"https:\/\/i0.wp.com\/crater.cat\/wp-content\/uploads\/2025\/03\/9-aaff_EL-SETGE-DE-SEBASTOPOL-scaled.webp?fit=755%2C1200&ssl=1&resize=350%2C200","width":350,"height":200,"srcset":"https:\/\/i0.wp.com\/crater.cat\/wp-content\/uploads\/2025\/03\/9-aaff_EL-SETGE-DE-SEBASTOPOL-scaled.webp?fit=755%2C1200&ssl=1&resize=350%2C200 1x, https:\/\/i0.wp.com\/crater.cat\/wp-content\/uploads\/2025\/03\/9-aaff_EL-SETGE-DE-SEBASTOPOL-scaled.webp?fit=755%2C1200&ssl=1&resize=525%2C300 1.5x, https:\/\/i0.wp.com\/crater.cat\/wp-content\/uploads\/2025\/03\/9-aaff_EL-SETGE-DE-SEBASTOPOL-scaled.webp?fit=755%2C1200&ssl=1&resize=700%2C400 2x"},"classes":[]}],"_links":{"self":[{"href":"https:\/\/crater.cat\/index.php\/wp-json\/wp\/v2\/product\/1994","targetHints":{"allow":["GET"]}}],"collection":[{"href":"https:\/\/crater.cat\/index.php\/wp-json\/wp\/v2\/product"}],"about":[{"href":"https:\/\/crater.cat\/index.php\/wp-json\/wp\/v2\/types\/product"}],"author":[{"embeddable":true,"href":"https:\/\/crater.cat\/index.php\/wp-json\/wp\/v2\/users\/1"}],"wp:featuredmedia":[{"embeddable":true,"href":"https:\/\/crater.cat\/index.php\/wp-json\/wp\/v2\/media\/2001"}],"wp:attachment":[{"href":"https:\/\/crater.cat\/index.php\/wp-json\/wp\/v2\/media?parent=1994"}],"wp:term":[{"taxonomy":"product_brand","embeddable":true,"href":"https:\/\/crater.cat\/index.php\/wp-json\/wp\/v2\/product_brand?post=1994"},{"taxonomy":"product_cat","embeddable":true,"href":"https:\/\/crater.cat\/index.php\/wp-json\/wp\/v2\/product_cat?post=1994"},{"taxonomy":"product_tag","embeddable":true,"href":"https:\/\/crater.cat\/index.php\/wp-json\/wp\/v2\/product_tag?post=1994"},{"taxonomy":"author","embeddable":true,"href":"https:\/\/crater.cat\/index.php\/wp-json\/wp\/v2\/ppma_author?post=1994"}],"curies":[{"name":"wp","href":"https:\/\/api.w.org\/{rel}","templated":true}]}}