{"id":2991,"date":"2025-03-13T09:25:02","date_gmt":"2025-03-13T08:25:02","guid":{"rendered":"https:\/\/crater.cat\/?post_type=product&#038;p=2991"},"modified":"2025-10-13T22:23:30","modified_gmt":"2025-10-13T20:23:30","slug":"tango-satanic","status":"publish","type":"product","link":"https:\/\/crater.cat\/index.php\/producte\/tango-satanic\/","title":{"rendered":"Tango sat\u00e0nic"},"content":{"rendered":"<p>Autor: L\u00e1szl\u00f3 Krasznahorkai<br \/>\nTraducci\u00f3: Carles Dachs<br \/>\nCol\u00b7lecci\u00f3 Mirall<br \/>\nMides: 130 x 210<br \/>\nN\u00ba de p\u00e0gines: 344<br \/>\nISBN: 978-84-128286-5-8<br \/>\n1a edici\u00f3: mar\u00e7 de 2025<\/p>\n","protected":false},"excerpt":{"rendered":"<p>Sota la intensa pluja i l\u2019atmosfera ombr\u00edvola d\u2019un petit poble rural, en una Hongria encara sota el jou comunista, els habitants esperen l\u2019arribada imminent de l\u2019Irimi\u00e1s. Sembla l\u2019\u00fanica figura capa\u00e7 de generar certa esperan\u00e7a en el claustrof\u00f2bic infern amarat de p\u00e0linka d\u2019una col\u00f2nia d\u2019on tots volen escapar. Resseguint els fils de la xarxa que enlla\u00e7a els diferents vilatans, Krasznahorkai s\u2019endinsa en la seva desesperaci\u00f3 personal i en va destriant les capes en una prosa hipn\u00f2tica, r\u00edtmica i abassegadora, un text absorbent que ha viscut durant anys com una obra de culte i s\u2019ha acabat convertint en tot un cl\u00e0ssic modern de la literatura europea, que finalment podem llegir en catal\u00e0.<\/p>\n<p>&nbsp;<\/p>\n<hr \/>\n<p>&nbsp;<\/p>\n<p><strong><em>Enviament gratu\u00eft. Rebreu el producte a partir del dia 27\/10\/2025.<\/em><\/strong><\/p>\n","protected":false},"author":1,"featured_media":2992,"template":"","meta":{"cybocfi_hide_featured_image":"","jetpack_publicize_message":"","jetpack_publicize_feature_enabled":true,"jetpack_social_post_already_shared":true,"jetpack_social_options":{"image_generator_settings":{"template":"highway","default_image_id":0,"font":"","enabled":false},"version":2}},"product_brand":[],"product_cat":[106],"product_tag":[],"ppma_author":[107],"class_list":{"0":"post-2991","1":"product","2":"type-product","3":"status-publish","4":"has-post-thumbnail","6":"product_cat-mirall","8":"first","9":"instock","10":"shipping-taxable","11":"purchasable","12":"product-type-simple"},"aioseo_notices":[],"jetpack_publicize_connections":[],"jetpack_sharing_enabled":true,"jetpack-related-posts":[],"_links":{"self":[{"href":"https:\/\/crater.cat\/index.php\/wp-json\/wp\/v2\/product\/2991","targetHints":{"allow":["GET"]}}],"collection":[{"href":"https:\/\/crater.cat\/index.php\/wp-json\/wp\/v2\/product"}],"about":[{"href":"https:\/\/crater.cat\/index.php\/wp-json\/wp\/v2\/types\/product"}],"author":[{"embeddable":true,"href":"https:\/\/crater.cat\/index.php\/wp-json\/wp\/v2\/users\/1"}],"wp:featuredmedia":[{"embeddable":true,"href":"https:\/\/crater.cat\/index.php\/wp-json\/wp\/v2\/media\/2992"}],"wp:attachment":[{"href":"https:\/\/crater.cat\/index.php\/wp-json\/wp\/v2\/media?parent=2991"}],"wp:term":[{"taxonomy":"product_brand","embeddable":true,"href":"https:\/\/crater.cat\/index.php\/wp-json\/wp\/v2\/product_brand?post=2991"},{"taxonomy":"product_cat","embeddable":true,"href":"https:\/\/crater.cat\/index.php\/wp-json\/wp\/v2\/product_cat?post=2991"},{"taxonomy":"product_tag","embeddable":true,"href":"https:\/\/crater.cat\/index.php\/wp-json\/wp\/v2\/product_tag?post=2991"},{"taxonomy":"author","embeddable":true,"href":"https:\/\/crater.cat\/index.php\/wp-json\/wp\/v2\/ppma_author?post=2991"}],"curies":[{"name":"wp","href":"https:\/\/api.w.org\/{rel}","templated":true}]}}