{"id":732,"date":"2022-03-02T15:05:39","date_gmt":"2022-03-02T14:05:39","guid":{"rendered":"https:\/\/crater.cat\/?post_type=product&#038;p=732"},"modified":"2024-03-23T13:24:32","modified_gmt":"2024-03-23T12:24:32","slug":"inferno","status":"publish","type":"product","link":"https:\/\/crater.cat\/index.php\/producte\/inferno\/","title":{"rendered":"Inferno"},"content":{"rendered":"<p style=\"text-align: left;\">Autor: August Strindberg<\/p>\n<p style=\"text-align: left;\">Traducci\u00f3: Oriol R\u00e0fols Grifell<\/p>\n<p style=\"text-align: left;\">Col\u00b7lecci\u00f3 Magnetar<\/p>\n<p style=\"text-align: left;\">Mides: 130 x 210<\/p>\n<p style=\"text-align: left;\">N\u00ba de p\u00e0gines: 232<\/p>\n<p style=\"text-align: left;\">ISBN: <span style=\"font-weight: 400;\">978-84-124503-2-3<\/span><\/p>\n<p style=\"text-align: left;\">1a edici\u00f3: mar\u00e7 de 2022<\/p>\n<div class=\"mkdf-separator-holder clearfix  mkdf-separator-center mkdf-separator-normal\">\n\t<div class=\"mkdf-separator\" >\n\t\t\t<\/div>\n<\/div>\n\n<p style=\"text-align: center;\">\u2660 ALS QUE JA TENIU EL LLIBRE \u2660<\/p>\n<p style=\"text-align: left;\">A les p\u00e0gines interiors us promet\u00edem tres cap\u00edtols del llibre <strong><em>Sylva Sylvarum<\/em><\/strong> que es van afegir posteriorment a <strong>Inferno<\/strong> en algunes edicions. Podeu llegir-los aqu\u00ed:<\/p>\n<p><a href=\"https:\/\/edicionscrater.live-website.com\/?attachment_id=870\" rel=\"attachment wp-att-870\">Sylva Sylvarum &#8211; Els tres cap\u00edtols afegits a Inferno<\/a><\/p>\n<p>&nbsp;<\/p>\n<div class=\"mkdf-separator-holder clearfix  mkdf-separator-center mkdf-separator-normal\">\n\t<div class=\"mkdf-separator\" >\n\t\t\t<\/div>\n<\/div>\n\n<p>&nbsp;<\/p>\n<h3>Enlla\u00e7os<\/h3>\n<p><strong><a href=\"https:\/\/edicionscrater.live-website.com\/index.php\/2022\/04\/13\/la-breu-correspondencia-entre-strindberg-i-nietzsche\/\" target=\"_blank\" rel=\"noopener\">La breu correspond\u00e8ncia entre Strinberg i Nietzsche<\/a><\/strong> al nostre blog.<\/p>\n<p>Presentaci\u00f3 d<a href=\"https:\/\/edicionscrater.live-website.com\/index.php\/2023\/03\/22\/presentacio-dinferno-daugust-strindberg-a-la-llibreria-documenta\/\" target=\"_blank\" rel=\"noopener\">&#8216;<strong>Inferno a la llibreria Documenta<\/strong><\/a>.<\/p>\n","protected":false},"excerpt":{"rendered":"<p><span style=\"font-weight: 400;\">Entre 1894 i 1897, Strindberg viu una apoteosi de follia. Immers en experiments alqu\u00edmics i encegat per teories ocultistes, \u00e9s posse\u00eft per una mania persecut\u00f2ria que el porta a crear les teories m\u00e9s rocambolesques sobre les intencions dels seus enemics, mentre es pregunta sobre el funcionament del m\u00f3n amb raonaments sorprenents. Seguint les passes de l\u2019autor per Fran\u00e7a, \u00c0ustria i Su\u00e8cia, <\/span><i><span style=\"font-weight: 400;\">Inferno <\/span><\/i><span style=\"font-weight: 400;\">\u00e9s un retrat molt eloq\u00fcent de la forma de funcionar d\u2019una ment psic\u00f2tica i m\u00edstica, una ment trastornada per l\u2019ansietat i sempre neguitosa per trobar significats existencials en els esdeveniments m\u00e9s quotidians. Per\u00f2 \u00e9s aquest nervi i el seu canvi constant d\u2019opini\u00f3 el que no permet saber mai per on pot sortir el geni de Strindberg, i \u00e9s precisament aix\u00f2 el que ha absorbit tants lectors que, un cop s\u2019hi enganxen, ja no se\u2019n poden desempallegar. Strindberg \u00e9s magn\u00e8tic i <\/span><i><span style=\"font-weight: 400;\">Inferno<\/span><\/i><span style=\"font-weight: 400;\">,<\/span> <span style=\"font-weight: 400;\">un dels relats autobiogr\u00e0fics m\u00e9s xocants de final de segle XIX.<\/span><\/p>\n<p>&nbsp;<\/p>\n<hr \/>\n<p>&nbsp;<\/p>\n<p><strong><em>Enviament gratu\u00eft. Rebreu el producte en un termini d&#8217;entre 2 dies i una setmana.<\/em><\/strong><\/p>\n","protected":false},"author":1,"featured_media":2056,"template":"","meta":{"cybocfi_hide_featured_image":"","jetpack_publicize_message":"","jetpack_publicize_feature_enabled":true,"jetpack_social_post_already_shared":false,"jetpack_social_options":{"image_generator_settings":{"template":"highway","default_image_id":0,"font":"","enabled":false},"version":2}},"product_brand":[],"product_cat":[21],"product_tag":[],"ppma_author":[45],"class_list":{"0":"post-732","1":"product","2":"type-product","3":"status-publish","4":"has-post-thumbnail","6":"product_cat-magnetar","8":"first","9":"instock","10":"shipping-taxable","11":"purchasable","12":"product-type-simple"},"aioseo_notices":[],"jetpack_publicize_connections":[],"jetpack_sharing_enabled":true,"jetpack-related-posts":[{"id":1116,"url":"https:\/\/crater.cat\/index.php\/producte\/en-el-nostre-temps\/","url_meta":{"origin":732,"position":0},"title":"En el nostre temps","author":"Edicions del Cr\u00e0ter","date":"13\/09\/2022","format":false,"excerpt":"En el nostre temps \u00e9s el primer recull de narracions breus d\u2019Ernest Hemingway i tota una revoluci\u00f3 en el relat en llengua anglesa. Centrat en l\u2019acci\u00f3, preocupat per aconseguir frases s\u00f2lides i honestes, \u00e9s el primer gran experiment de Hemingway amb la seva teoria de l\u2019iceberg, segons la qual nom\u00e9s\u2026","rel":"","context":"Entrada similar","block_context":{"text":"Entrada similar","link":""},"img":{"alt_text":"Hemingway - En el nostre temps","src":"https:\/\/i0.wp.com\/crater.cat\/wp-content\/uploads\/2022\/09\/COBERTA-EN-EL-NOSTRE-TEMPS_baixa-webp.webp?fit=720%2C1145&ssl=1&resize=350%2C200","width":350,"height":200,"srcset":"https:\/\/i0.wp.com\/crater.cat\/wp-content\/uploads\/2022\/09\/COBERTA-EN-EL-NOSTRE-TEMPS_baixa-webp.webp?fit=720%2C1145&ssl=1&resize=350%2C200 1x, https:\/\/i0.wp.com\/crater.cat\/wp-content\/uploads\/2022\/09\/COBERTA-EN-EL-NOSTRE-TEMPS_baixa-webp.webp?fit=720%2C1145&ssl=1&resize=525%2C300 1.5x, https:\/\/i0.wp.com\/crater.cat\/wp-content\/uploads\/2022\/09\/COBERTA-EN-EL-NOSTRE-TEMPS_baixa-webp.webp?fit=720%2C1145&ssl=1&resize=700%2C400 2x"},"classes":[]},{"id":550,"url":"https:\/\/crater.cat\/index.php\/producte\/els-arbres-de-lorgull\/","url_meta":{"origin":732,"position":1},"title":"Els arbres de l&#8217;orgull","author":"Edicions del Cr\u00e0ter","date":"09\/02\/2022","format":false,"excerpt":"Uns arbres ex\u00f2tics portats de l\u2019\u00c0frica creixen a la punta de Cornualla, dins les terres de la fam\u00edlia Vane. El seu aspecte fantasmag\u00f2ric atemoreix els habitants de la regi\u00f3, alhora que uns misteriosos personatges es reuneixen a casa de la fam\u00edlia. Tot est\u00e0 a punt perqu\u00e8 es desencadeni el que\u2026","rel":"","context":"Entrada similar","block_context":{"text":"Entrada similar","link":""},"img":{"alt_text":"Chesterton - Els arbres de l'orgull","src":"https:\/\/i0.wp.com\/crater.cat\/wp-content\/uploads\/2022\/02\/portada-ARBRES-DE-LORGULL_BAIXA-webp.webp?fit=720%2C1146&ssl=1&resize=350%2C200","width":350,"height":200,"srcset":"https:\/\/i0.wp.com\/crater.cat\/wp-content\/uploads\/2022\/02\/portada-ARBRES-DE-LORGULL_BAIXA-webp.webp?fit=720%2C1146&ssl=1&resize=350%2C200 1x, https:\/\/i0.wp.com\/crater.cat\/wp-content\/uploads\/2022\/02\/portada-ARBRES-DE-LORGULL_BAIXA-webp.webp?fit=720%2C1146&ssl=1&resize=525%2C300 1.5x, https:\/\/i0.wp.com\/crater.cat\/wp-content\/uploads\/2022\/02\/portada-ARBRES-DE-LORGULL_BAIXA-webp.webp?fit=720%2C1146&ssl=1&resize=700%2C400 2x"},"classes":[]},{"id":3003,"url":"https:\/\/crater.cat\/index.php\/producte\/3003\/","url_meta":{"origin":732,"position":2},"title":"El setge de Sebast\u00f2pol","author":"Edicions del Cr\u00e0ter","date":"31\/03\/2025","format":false,"excerpt":"El 1854, amb nom\u00e9s vint-i-sis anys i acabat d\u2019allistar a l\u2019ex\u00e8rcit, Lev Tolstoi va arribar a Crimea per servir-hi com a oficial d\u2019artilleria. Les forces brit\u00e0niques, franceses, otomanes i piemonteses guanyaven terreny contra l\u2019ex\u00e8rcit rus i assetjaven la ciutat de Sebast\u00f2pol. Tolstoi hi va viure el setge d\u2019onze mesos que\u2026","rel":"","context":"Entrada similar","block_context":{"text":"Entrada similar","link":""},"img":{"alt_text":"EL-SETGE-DE-SEBASTOPOL","src":"https:\/\/i0.wp.com\/crater.cat\/wp-content\/uploads\/2025\/03\/9-aaff_EL-SETGE-DE-SEBASTOPOL-scaled.webp?fit=755%2C1200&ssl=1&resize=350%2C200","width":350,"height":200,"srcset":"https:\/\/i0.wp.com\/crater.cat\/wp-content\/uploads\/2025\/03\/9-aaff_EL-SETGE-DE-SEBASTOPOL-scaled.webp?fit=755%2C1200&ssl=1&resize=350%2C200 1x, https:\/\/i0.wp.com\/crater.cat\/wp-content\/uploads\/2025\/03\/9-aaff_EL-SETGE-DE-SEBASTOPOL-scaled.webp?fit=755%2C1200&ssl=1&resize=525%2C300 1.5x, https:\/\/i0.wp.com\/crater.cat\/wp-content\/uploads\/2025\/03\/9-aaff_EL-SETGE-DE-SEBASTOPOL-scaled.webp?fit=755%2C1200&ssl=1&resize=700%2C400 2x"},"classes":[]},{"id":1430,"url":"https:\/\/crater.cat\/index.php\/producte\/el-trente-any\/","url_meta":{"origin":732,"position":3},"title":"El trent\u00e8 any","author":"Edicions del Cr\u00e0ter","date":"16\/03\/2023","format":false,"excerpt":"Despr\u00e9s d\u2019un exit\u00f3s debut en poesia, El trent\u00e8 any \u00e9s la primera incursi\u00f3 d\u2019Ingeborg Bachmann al regne de la prosa, una s\u00e8rie de relats que no va voler classificar dins de cap g\u00e8nere. Imatges subtils de personatges obsessionats per la cerca de la veritat, per l\u2019obligaci\u00f3 d\u2019estimar o per la\u2026","rel":"","context":"Entrada similar","block_context":{"text":"Entrada similar","link":""},"img":{"alt_text":"Ingeborg Bachmann - El trent\u00e8 any","src":"https:\/\/i0.wp.com\/crater.cat\/wp-content\/uploads\/2023\/03\/COBERTA-EL-TRENTE-ANY-baixa-webp.webp?fit=720%2C1145&ssl=1&resize=350%2C200","width":350,"height":200,"srcset":"https:\/\/i0.wp.com\/crater.cat\/wp-content\/uploads\/2023\/03\/COBERTA-EL-TRENTE-ANY-baixa-webp.webp?fit=720%2C1145&ssl=1&resize=350%2C200 1x, https:\/\/i0.wp.com\/crater.cat\/wp-content\/uploads\/2023\/03\/COBERTA-EL-TRENTE-ANY-baixa-webp.webp?fit=720%2C1145&ssl=1&resize=525%2C300 1.5x, https:\/\/i0.wp.com\/crater.cat\/wp-content\/uploads\/2023\/03\/COBERTA-EL-TRENTE-ANY-baixa-webp.webp?fit=720%2C1145&ssl=1&resize=700%2C400 2x"},"classes":[]},{"id":1385,"url":"https:\/\/crater.cat\/index.php\/producte\/cartes-1838-1867\/","url_meta":{"origin":732,"position":4},"title":"Cartes (1838-1867)","author":"Edicions del Cr\u00e0ter","date":"09\/02\/2023","format":false,"excerpt":"Gaireb\u00e9 es podria dir que la vida de Dostoievski \u00e9s m\u00e9s intensa que les seves obres, i els anys m\u00e9s convulsos s\u00f3n els que transcorren entre 1838 i 1867. Aquesta correspond\u00e8ncia mostra com va viure esdeveniments tan coneguts com l\u2019\u00e8xit de joventut, la condemna a mort i el presidi, i\u2026","rel":"","context":"Entrada similar","block_context":{"text":"Entrada similar","link":""},"img":{"alt_text":"Dostoievski - Cartes I","src":"https:\/\/i0.wp.com\/crater.cat\/wp-content\/uploads\/2023\/02\/CARTES-COBERTA_baixa-webp.webp?fit=755%2C1200&ssl=1&resize=350%2C200","width":350,"height":200,"srcset":"https:\/\/i0.wp.com\/crater.cat\/wp-content\/uploads\/2023\/02\/CARTES-COBERTA_baixa-webp.webp?fit=755%2C1200&ssl=1&resize=350%2C200 1x, https:\/\/i0.wp.com\/crater.cat\/wp-content\/uploads\/2023\/02\/CARTES-COBERTA_baixa-webp.webp?fit=755%2C1200&ssl=1&resize=525%2C300 1.5x, https:\/\/i0.wp.com\/crater.cat\/wp-content\/uploads\/2023\/02\/CARTES-COBERTA_baixa-webp.webp?fit=755%2C1200&ssl=1&resize=700%2C400 2x"},"classes":[]},{"id":1872,"url":"https:\/\/crater.cat\/index.php\/producte\/el-viatge-del-beagle\/","url_meta":{"origin":732,"position":5},"title":"El viatge del Beagle","author":"Edicions del Cr\u00e0ter","date":"31\/10\/2023","format":false,"excerpt":"Amb nom\u00e9s 22 anys, Charles Darwin s\u2019embarca com a naturalista a l\u2019H.M.S. Beagle, un vaixell capitanejat per Robert FitzRoy que tenia la missi\u00f3 de cartografiar la part austral de l\u2019Am\u00e8rica del Sud i realitzar algunes mesures cronom\u00e8triques al voltant del m\u00f3n. Aquest llibre el va escriure Darwin un cop arribat\u2026","rel":"","context":"Entrada similar","block_context":{"text":"Entrada similar","link":""},"img":{"alt_text":"Charles Darwin - El viatge del Beagle","src":"https:\/\/i0.wp.com\/crater.cat\/wp-content\/uploads\/2023\/10\/4-AAFF-El-viatge-del-Beagle_FRONTAL-BAIXA.webp?fit=754%2C1200&ssl=1&resize=350%2C200","width":350,"height":200,"srcset":"https:\/\/i0.wp.com\/crater.cat\/wp-content\/uploads\/2023\/10\/4-AAFF-El-viatge-del-Beagle_FRONTAL-BAIXA.webp?fit=754%2C1200&ssl=1&resize=350%2C200 1x, https:\/\/i0.wp.com\/crater.cat\/wp-content\/uploads\/2023\/10\/4-AAFF-El-viatge-del-Beagle_FRONTAL-BAIXA.webp?fit=754%2C1200&ssl=1&resize=525%2C300 1.5x, https:\/\/i0.wp.com\/crater.cat\/wp-content\/uploads\/2023\/10\/4-AAFF-El-viatge-del-Beagle_FRONTAL-BAIXA.webp?fit=754%2C1200&ssl=1&resize=700%2C400 2x"},"classes":[]}],"_links":{"self":[{"href":"https:\/\/crater.cat\/index.php\/wp-json\/wp\/v2\/product\/732","targetHints":{"allow":["GET"]}}],"collection":[{"href":"https:\/\/crater.cat\/index.php\/wp-json\/wp\/v2\/product"}],"about":[{"href":"https:\/\/crater.cat\/index.php\/wp-json\/wp\/v2\/types\/product"}],"author":[{"embeddable":true,"href":"https:\/\/crater.cat\/index.php\/wp-json\/wp\/v2\/users\/1"}],"wp:featuredmedia":[{"embeddable":true,"href":"https:\/\/crater.cat\/index.php\/wp-json\/wp\/v2\/media\/2056"}],"wp:attachment":[{"href":"https:\/\/crater.cat\/index.php\/wp-json\/wp\/v2\/media?parent=732"}],"wp:term":[{"taxonomy":"product_brand","embeddable":true,"href":"https:\/\/crater.cat\/index.php\/wp-json\/wp\/v2\/product_brand?post=732"},{"taxonomy":"product_cat","embeddable":true,"href":"https:\/\/crater.cat\/index.php\/wp-json\/wp\/v2\/product_cat?post=732"},{"taxonomy":"product_tag","embeddable":true,"href":"https:\/\/crater.cat\/index.php\/wp-json\/wp\/v2\/product_tag?post=732"},{"taxonomy":"author","embeddable":true,"href":"https:\/\/crater.cat\/index.php\/wp-json\/wp\/v2\/ppma_author?post=732"}],"curies":[{"name":"wp","href":"https:\/\/api.w.org\/{rel}","templated":true}]}}